{"id":879,"date":"2021-04-20T20:06:33","date_gmt":"2021-04-20T20:06:33","guid":{"rendered":"http:\/\/urlus.fi\/?page_id=879"},"modified":"2021-11-29T22:50:03","modified_gmt":"2021-11-29T22:50:03","slug":"summan-for-urlus-arliga-bidrag-ar-rekord-stort","status":"publish","type":"page","link":"https:\/\/urlus.fi\/index.php\/sv\/aktuelt\/summan-for-urlus-arliga-bidrag-ar-rekord-stort\/","title":{"rendered":"Summan f\u00f6r Urlus \u00e5rliga bidrag \u00e4r rekord stort"},"content":{"rendered":"<div id='full_slider_1'  class='avia-fullwidth-slider main_color avia-shadow   avia-builder-el-0  el_before_av_heading  avia-builder-el-first   container_wrap sidebar_right'  ><div  class='avia-slideshow av-16ton-52c53f8246c4cd5d51894ae98176ec7e avia-slideshow-featured av_slideshow_full avia-slide-slider av-slideshow-ui av-control-default av-slideshow-manual av-loop-once av-loop-manual-endless av-default-height-applied   avia-slideshow-1' data-slideshow-options=\"{&quot;animation&quot;:&quot;slide&quot;,&quot;autoplay&quot;:false,&quot;loop_autoplay&quot;:&quot;once&quot;,&quot;interval&quot;:5,&quot;loop_manual&quot;:&quot;manual-endless&quot;,&quot;autoplay_stopper&quot;:false,&quot;noNavigation&quot;:false,&quot;bg_slider&quot;:false,&quot;keep_padding&quot;:false,&quot;hoverpause&quot;:false,&quot;show_slide_delay&quot;:0}\"  itemprop=\"image\" itemscope=\"itemscope\" itemtype=\"https:\/\/schema.org\/ImageObject\" ><ul class='avia-slideshow-inner ' style='padding-bottom: 28.666666666667%;'><li  class='avia-slideshow-slide av-16ton-52c53f8246c4cd5d51894ae98176ec7e__0  av-single-slide slide-1 slide-odd'><div data-rel='slideshow-1' class='avia-slide-wrap '   ><img fetchpriority=\"high\" class=\"wp-image-862 avia-img-lazy-loading-not-862\"  src='https:\/\/urlus.fi\/wp-content\/uploads\/2021\/04\/header_ennatysmaara-1500x430.png' width='1500' height='430' title='header_ennatysmaara' alt=''  itemprop=\"thumbnailUrl\"   \/><\/div><\/li><\/ul><\/div><\/div><div id='after_full_slider_1'  class='main_color av_default_container_wrap container_wrap sidebar_right'  ><div class='container av-section-cont-open' ><div class='template-page content  av-content-small alpha units'><div class='post-entry post-entry-type-page post-entry-879'><div class='entry-content-wrapper clearfix'>\n\n<style type=\"text\/css\" data-created_by=\"avia_inline_auto\" id=\"style-css-av-knqgez9y-a61817583191908a778676f33a100867\">\n#top .av-special-heading.av-knqgez9y-a61817583191908a778676f33a100867{\npadding-bottom:10px;\n}\nbody .av-special-heading.av-knqgez9y-a61817583191908a778676f33a100867 .av-special-heading-tag .heading-char{\nfont-size:25px;\n}\n.av-special-heading.av-knqgez9y-a61817583191908a778676f33a100867 .av-subheading{\nfont-size:15px;\n}\n<\/style>\n<div  class='av-special-heading av-knqgez9y-a61817583191908a778676f33a100867 av-special-heading-h3  avia-builder-el-1  el_after_av_slideshow_full  el_before_av_two_third  avia-builder-el-first '><h3 class='av-special-heading-tag'  itemprop=\"headline\"  >Summan f\u00f6r Urlus \u00e5rliga bidrag \u00e4r rekord stort<\/h3><div class=\"special-heading-border\"><div class=\"special-heading-inner-border\"><\/div><\/div><\/div>\n\n<style type=\"text\/css\" data-created_by=\"avia_inline_auto\" id=\"style-css-av-efox7-e5d82cd4011fde4b7fa00bfe5c6cf7c2\">\n.flex_column.av-efox7-e5d82cd4011fde4b7fa00bfe5c6cf7c2{\nborder-radius:0px 0px 0px 0px;\npadding:0px 0px 0px 0px;\n}\n<\/style>\n<div  class='flex_column av-efox7-e5d82cd4011fde4b7fa00bfe5c6cf7c2 av_two_third  avia-builder-el-2  el_after_av_heading  el_before_av_one_third  first flex_column_div av-zero-column-padding  '     ><section  class='av_textblock_section av-kd3glxa1-278439855b147618e591e7e2b9138072 '   itemscope=\"itemscope\" itemtype=\"https:\/\/schema.org\/CreativeWork\" ><div class='avia_textblock'  itemprop=\"text\" ><p>Den totala bidragssumman \u00f6kade till n\u00e4stan tv\u00e5 miljoner euro \u00e5r 2021. Tillv\u00e4xten fr\u00e5n f\u00f6reg\u00e5ende \u00e5r var cirka 11%. Under de senaste 5 \u00e5ren har stiftelsens bidrag \u00f6kat med n\u00e4stan 60% och st\u00f6det under denna period har varit mer \u00e4n 8 miljoner euro.<\/p>\n<p>Antalet f\u00f6reningar som fick st\u00f6d var rekordh\u00f6g. 114 f\u00f6reningar fick st\u00f6d \u00e5r 2021. Samtidigt \u00f6kade skalan av m\u00e5lgrupperna och nya sportarter och hobbyer fick st\u00f6d av stiftelsen. Nya sportarter var t.ex. konst\u00e5kning och simning.<\/p>\n<p>\u00c5rets bidrags\u00e4ndam\u00e5l finns p\u00e5 v\u00e5r webbsida i avsnittet om <a href=\"https:\/\/urlus.fi\/index.php\/sv\/understodsinfo-vilka-vi-understoder\/understodsbesluten\/\">Information om bidrag \/ Bidragsbesluten<\/a>.<\/p>\n<\/div><\/section><\/div>\n<style type=\"text\/css\" data-created_by=\"avia_inline_auto\" id=\"style-css-av-8q9uz-58311d9c53e6f48acd0eb9a8fcc57d7c\">\n.flex_column.av-8q9uz-58311d9c53e6f48acd0eb9a8fcc57d7c{\nborder-radius:0px 0px 0px 0px;\npadding:0px 0px 0px 0px;\n}\n<\/style>\n<div  class='flex_column av-8q9uz-58311d9c53e6f48acd0eb9a8fcc57d7c av_one_third  avia-builder-el-4  el_after_av_two_third  avia-builder-el-last  flex_column_div av-zero-column-padding  '     ><style type=\"text\/css\" data-created_by=\"avia_inline_auto\" id=\"style-css-av-kext4mqt-a0e346bcef22168b768bc851dd5764e8\">\n.avia-image-container.av-kext4mqt-a0e346bcef22168b768bc851dd5764e8 img.avia_image{\nbox-shadow:none;\n}\n.avia-image-container.av-kext4mqt-a0e346bcef22168b768bc851dd5764e8 .av-image-caption-overlay-center{\ncolor:#ffffff;\n}\n<\/style>\n<div  class='avia-image-container av-kext4mqt-a0e346bcef22168b768bc851dd5764e8 av-styling- avia-align-center  avia-builder-el-5  avia-builder-el-no-sibling '   itemprop=\"image\" itemscope=\"itemscope\" itemtype=\"https:\/\/schema.org\/ImageObject\" ><div class=\"avia-image-container-inner\"><div class=\"avia-image-overlay-wrap\"><img fetchpriority=\"high\" class='wp-image-863 avia-img-lazy-loading-not-863 avia_image ' src='https:\/\/urlus.fi\/wp-content\/uploads\/2021\/04\/kuvituskuva_ennatysmaara.png' alt='' title='kuvituskuva_ennatysmaara'  height=\"430\" width=\"787\"  itemprop=\"thumbnailUrl\"  \/><\/div><\/div><\/div><\/div><\/p>\n","protected":false},"excerpt":{"rendered":"","protected":false},"author":4,"featured_media":793,"parent":135,"menu_order":4,"comment_status":"closed","ping_status":"closed","template":"","meta":{"footnotes":""},"class_list":["post-879","page","type-page","status-publish","has-post-thumbnail","hentry"],"_links":{"self":[{"href":"https:\/\/urlus.fi\/index.php\/wp-json\/wp\/v2\/pages\/879","targetHints":{"allow":["GET"]}}],"collection":[{"href":"https:\/\/urlus.fi\/index.php\/wp-json\/wp\/v2\/pages"}],"about":[{"href":"https:\/\/urlus.fi\/index.php\/wp-json\/wp\/v2\/types\/page"}],"author":[{"embeddable":true,"href":"https:\/\/urlus.fi\/index.php\/wp-json\/wp\/v2\/users\/4"}],"replies":[{"embeddable":true,"href":"https:\/\/urlus.fi\/index.php\/wp-json\/wp\/v2\/comments?post=879"}],"version-history":[{"count":2,"href":"https:\/\/urlus.fi\/index.php\/wp-json\/wp\/v2\/pages\/879\/revisions"}],"predecessor-version":[{"id":882,"href":"https:\/\/urlus.fi\/index.php\/wp-json\/wp\/v2\/pages\/879\/revisions\/882"}],"up":[{"embeddable":true,"href":"https:\/\/urlus.fi\/index.php\/wp-json\/wp\/v2\/pages\/135"}],"wp:featuredmedia":[{"embeddable":true,"href":"https:\/\/urlus.fi\/index.php\/wp-json\/wp\/v2\/media\/793"}],"wp:attachment":[{"href":"https:\/\/urlus.fi\/index.php\/wp-json\/wp\/v2\/media?parent=879"}],"curies":[{"name":"wp","href":"https:\/\/api.w.org\/{rel}","templated":true}]}}