{"id":2217,"date":"2026-04-28T11:02:10","date_gmt":"2026-04-28T11:02:10","guid":{"rendered":"https:\/\/urlus.fi\/?page_id=2217"},"modified":"2026-04-28T11:37:37","modified_gmt":"2026-04-28T11:37:37","slug":"rajoja-ruudulle-ei-elamalle","status":"publish","type":"page","link":"https:\/\/urlus.fi\/index.php\/ajankohtaista\/rajoja-ruudulle-ei-elamalle\/","title":{"rendered":"Rajoja ruudulle, ei el\u00e4m\u00e4lle"},"content":{"rendered":"<div id='full_slider_1'  class='avia-fullwidth-slider main_color avia-shadow   avia-builder-el-0  el_before_av_heading  avia-builder-el-first   container_wrap sidebar_right'  ><div  class='avia-slideshow av-16ton-52c53f8246c4cd5d51894ae98176ec7e avia-slideshow-featured av_slideshow_full avia-slide-slider av-slideshow-ui av-control-default av-slideshow-manual av-loop-once av-loop-manual-endless av-default-height-applied   avia-slideshow-1' data-slideshow-options=\"{&quot;animation&quot;:&quot;slide&quot;,&quot;autoplay&quot;:false,&quot;loop_autoplay&quot;:&quot;once&quot;,&quot;interval&quot;:5,&quot;loop_manual&quot;:&quot;manual-endless&quot;,&quot;autoplay_stopper&quot;:false,&quot;noNavigation&quot;:false,&quot;bg_slider&quot;:false,&quot;keep_padding&quot;:false,&quot;hoverpause&quot;:false,&quot;show_slide_delay&quot;:0}\"  itemprop=\"image\" itemscope=\"itemscope\" itemtype=\"https:\/\/schema.org\/ImageObject\" ><ul class='avia-slideshow-inner ' style='padding-bottom: 28.648648648649%;'><li  class='avia-slideshow-slide av-16ton-52c53f8246c4cd5d51894ae98176ec7e__0  av-single-slide slide-1 slide-odd'><div data-rel='slideshow-1' class='avia-slide-wrap '   ><img fetchpriority=\"high\" class=\"wp-image-1409 avia-img-lazy-loading-not-1409\"  src='https:\/\/urlus.fi\/wp-content\/uploads\/2023\/05\/urlus_katunakyma.jpg' width='1480' height='424' title='urlus_katunakyma' alt=''  itemprop=\"thumbnailUrl\"   \/><\/div><\/li><\/ul><\/div><\/div><div id='after_full_slider_1'  class='main_color av_default_container_wrap container_wrap sidebar_right'  ><div class='container av-section-cont-open' ><div class='template-page content  av-content-small alpha units'><div class='post-entry post-entry-type-page post-entry-2217'><div class='entry-content-wrapper clearfix'>\n\n<style type=\"text\/css\" data-created_by=\"avia_inline_auto\" id=\"style-css-av-2hqpid-43f54076730ba11441b3983be1ccabeb\">\n#top .av-special-heading.av-2hqpid-43f54076730ba11441b3983be1ccabeb{\npadding-bottom:10px;\n}\nbody .av-special-heading.av-2hqpid-43f54076730ba11441b3983be1ccabeb .av-special-heading-tag .heading-char{\nfont-size:25px;\n}\n.av-special-heading.av-2hqpid-43f54076730ba11441b3983be1ccabeb .av-subheading{\nfont-size:15px;\n}\n<\/style>\n<div  class='av-special-heading av-2hqpid-43f54076730ba11441b3983be1ccabeb av-special-heading-h3  avia-builder-el-1  el_after_av_slideshow_full  el_before_av_hr  avia-builder-el-first  av-linked-heading'><h3 class='av-special-heading-tag'  itemprop=\"headline\"  >Rajoja ruudulle, ei el\u00e4m\u00e4lle<\/h3><div class=\"special-heading-border\"><div class=\"special-heading-inner-border\"><\/div><\/div><\/div>\n\n<style type=\"text\/css\" data-created_by=\"avia_inline_auto\" id=\"style-css-av-l3n1m91g-5ce10ec470c4d72286a58c0766f14b0f\">\n#top .hr.hr-invisible.av-l3n1m91g-5ce10ec470c4d72286a58c0766f14b0f{\nheight:50px;\n}\n<\/style>\n<div  class='hr av-l3n1m91g-5ce10ec470c4d72286a58c0766f14b0f hr-invisible  avia-builder-el-2  el_after_av_heading  el_before_av_two_third '><span class='hr-inner '><span class=\"hr-inner-style\"><\/span><\/span><\/div>\n\n<style type=\"text\/css\" data-created_by=\"avia_inline_auto\" id=\"style-css-av-ay7wq-c104a36afb9c1c42e445009c9c61380d\">\n.flex_column.av-ay7wq-c104a36afb9c1c42e445009c9c61380d{\nborder-radius:0px 0px 0px 0px;\npadding:0px 0px 0px 0px;\n}\n<\/style>\n<div  class='flex_column av-ay7wq-c104a36afb9c1c42e445009c9c61380d av_two_third  avia-builder-el-3  el_after_av_hr  el_before_av_one_third  first flex_column_div av-zero-column-padding  '     ><section  class='av_textblock_section av-kd3glxa1-d7f1f33f50f073e9b7f9940f2bcf372c '   itemscope=\"itemscope\" itemtype=\"https:\/\/schema.org\/CreativeWork\" ><div class='avia_textblock'  itemprop=\"text\" ><div id=\"attachment_2218\" style=\"width: 235px\" class=\"wp-caption alignright\"><a href=\"https:\/\/urlus.fi\/wp-content\/uploads\/2026\/04\/riikka_ihamuotila.jpg\"><img loading=\"lazy\" decoding=\"async\" aria-describedby=\"caption-attachment-2218\" class=\" wp-image-2218\" src=\"https:\/\/urlus.fi\/wp-content\/uploads\/2026\/04\/riikka_ihamuotila.jpg\" alt=\"Riikka Ihamuotila\" width=\"225\" height=\"239\" srcset=\"https:\/\/urlus.fi\/wp-content\/uploads\/2026\/04\/riikka_ihamuotila.jpg 960w, https:\/\/urlus.fi\/wp-content\/uploads\/2026\/04\/riikka_ihamuotila-754x800.jpg 754w, https:\/\/urlus.fi\/wp-content\/uploads\/2026\/04\/riikka_ihamuotila-113x120.jpg 113w, https:\/\/urlus.fi\/wp-content\/uploads\/2026\/04\/riikka_ihamuotila-768x815.jpg 768w, https:\/\/urlus.fi\/wp-content\/uploads\/2026\/04\/riikka_ihamuotila-664x705.jpg 664w\" sizes=\"auto, (max-width: 225px) 100vw, 225px\" \/><\/a><p id=\"caption-attachment-2218\" class=\"wp-caption-text\">Riikka Ihamuotila, Digirauha ry<\/p><\/div>\n<p><span lang=\"null\"><em><strong>Urlus<\/strong><\/em><\/span><em><strong><span lang=\"null\">-s\u00e4\u00e4ti\u00f6n yksi t\u00e4m\u00e4n vuoden <\/span><span lang=\"null\">tukiensaajista<\/span><span lang=\"null\"> on Digirauha ry. <\/span>Digirauha ry perustettiin syyskuussa 2024 rakentamaan lasten ja nuorten digitaalisen kasvurauhan mahdollisuuksia ja edist\u00e4m\u00e4\u00e4n laajasti lasten teknologista turvallisuutta.<\/strong><\/em><\/p>\n<p>Perustajaj\u00e4senet ovat itse sek\u00e4 vanhempia omine kokemuksineen lasten ja nuorten digikulttuurista ett\u00e4 eri alojen ammattilaisia.<\/p>\n<p><span lang=\"null\">Haastattelimme Riikka Ihamuotilaa Digirauha ry:st\u00e4. <\/span>H\u00e4n on Digirauhan yksi nelj\u00e4st\u00e4 perustajasta.<\/p>\n<p>\u00c4itin\u00e4 h\u00e4nell\u00e4 on kokemus oman lapsen digik\u00e4ytt\u00e4ytymisest\u00e4. \u201d<em>Kuulin, ett\u00e4 12-vuotiaana poikani oli n\u00e4hnyt sosiaalisessa mediassa niin pahan v\u00e4kivalta videon, ett\u00e4 kaverit alkoivat oksentaa. Poika ei puhunut kokemuksestaan mit\u00e4\u00e4n kymmeneen vuoteen, mutta video on j\u00e4tt\u00e4nyt syv\u00e4n j\u00e4ljen.<\/em><\/p>\n<p><em><span lang=\"null\">&#8211;<\/span>Poikani kertoi vasta yli 20-vuotiaana lapsena sosiaalisessa mediassa n\u00e4kem\u00e4st\u00e4\u00e4n videosta ja siit\u00e4, ettei pysty unohtamaan tuota n\u00e4kem\u00e4\u00e4ns\u00e4 silmit\u00f6nt\u00e4 v\u00e4kivaltavideota. Ajattelin, ett\u00e4 t\u00e4llainen on saatava loppumaan.<\/em><\/p>\n<p>N\u00e4in on k\u00e4ynyt liian monille lapsille. He joutuvat digiv\u00e4kivallan ja -seksuaalisuuden uhreiksi, odottamatta ja tiet\u00e4m\u00e4tt\u00e4\u00e4n. J\u00e4ljet voivat tuntua koko el\u00e4m\u00e4n.<\/p>\n<p><span lang=\"null\">Urlus<\/span><span lang=\"null\">-s\u00e4\u00e4ti\u00f6 l\u00e4hti t\u00e4m\u00e4n t\u00e4rke\u00e4n asian tukijaksi jo toista vuotta per\u00e4kk\u00e4in. <\/span><\/p>\n<p><span lang=\"null\">&#8211;<\/span><em><span lang=\"null\">Avustus on paitsi merkitt\u00e4v\u00e4 summa, niin my\u00f6s henkinen kannuste ty\u00f6ss\u00e4mme lasten ja nuorten digirauhan rakentamiseen, <\/span><\/em><span lang=\"null\">Riikka Ihamuotila kiittelee.<\/span><\/p>\n<p><em>Me emme saa menett\u00e4\u00e4 keskusteluyhteytt\u00e4 lapsiin ja nuoriin.<\/em><\/p>\n<p><em>Uskomme, ett\u00e4 digitaalisen kasvurauhan rakentamiseen tarvitaan mukaan kaikkia: kukaan ei voi tehd\u00e4 muutosta yksin, mutta jokainen voi edist\u00e4\u00e4 muutosta omalla tahollaan.<\/em><\/p>\n<p><em>Kutsumme mukaan eri toimijat suojelemaan lasten ja nuorten oikeuksia, luomaan digirauhallisen kasvuymp\u00e4rist\u00f6n ja edist\u00e4m\u00e4\u00e4n lasten ja nuorten fyysist\u00e4, henkist\u00e4 ja kognitiivista hyvinvointia.<\/em><\/p>\n<p><em>Tavoitteenamme on luoda yhteis\u00f6j\u00e4 ja yhteis\u00f6llisyytt\u00e4 digirauhallisemman el\u00e4m\u00e4n tueksi<\/em><\/p>\n<p><em>Rakennamme ty\u00f6kaluja ja tuemme erilaisia toimia digirauhallisemman el\u00e4m\u00e4n ja arjen edist\u00e4miseksi perheiss\u00e4 ja laajasti lasten ja nuorten el\u00e4m\u00e4ss\u00e4. Olemme mukana verkostoissa ja tuomme my\u00f6s itse erilaisia tahoja yhteen aiheen \u00e4\u00e4relle.<\/em><\/p>\n<p><em>Urlus-s\u00e4\u00e4ti\u00f6lt\u00e4 saamamme avustuksen turvin tulemme lis\u00e4\u00e4m\u00e4\u00e4n tietoisuutta asian t\u00e4rkeydest\u00e4 ja tekem\u00e4\u00e4n tutkimuksen teko\u00e4lyn viihdek\u00e4yt\u00f6st\u00e4. Jatkuvana ty\u00f6n\u00e4 pyrimme samaan lasten ja nuorten digirauhan rakentamiseen yhteiskunnallisia p\u00e4\u00e4tt\u00e4j\u00e4tahoja mukaan.<\/em><\/p>\n<p class=\"docx_luettelokappale docx-num-4-0\">Haluan kiitt\u00e4\u00e4 Digirauha ry.n puolesta t\u00e4st\u00e4 haastattelusta ja Urlus-s\u00e4\u00e4ti\u00f6n hallitusta meid\u00e4n tukemisesta. Lis\u00e4\u00e4 tietoa meist\u00e4 osoitteesta: <a href=\"http:\/\/www.digirauha.fi\">www.digirauha.fi<\/a><\/p>\n<\/div><\/section><\/div>\n<style type=\"text\/css\" data-created_by=\"avia_inline_auto\" id=\"style-css-av-1uosct-db9e4db720f1c5b3ca2de655740149fe\">\n.flex_column.av-1uosct-db9e4db720f1c5b3ca2de655740149fe{\nborder-radius:0px 0px 0px 0px;\npadding:0px 0px 0px 0px;\n}\n<\/style>\n<div  class='flex_column av-1uosct-db9e4db720f1c5b3ca2de655740149fe av_one_third  avia-builder-el-5  el_after_av_two_third  el_before_av_one_full  flex_column_div av-zero-column-padding  '     ><\/div><\/p>\n\n<style type=\"text\/css\" data-created_by=\"avia_inline_auto\" id=\"style-css-av-ay7wq-1-04b7486b5fdbf5296857071fd85cad00\">\n.flex_column.av-ay7wq-1-04b7486b5fdbf5296857071fd85cad00{\nborder-radius:0px 0px 0px 0px;\npadding:0px 0px 0px 0px;\n}\n<\/style>\n<div  class='flex_column av-ay7wq-1-04b7486b5fdbf5296857071fd85cad00 av_one_full  avia-builder-el-6  el_after_av_one_third  avia-builder-el-last  first flex_column_div av-zero-column-padding  column-top-margin'     ><\/div>\n","protected":false},"excerpt":{"rendered":"","protected":false},"author":5,"featured_media":1964,"parent":47,"menu_order":-10,"comment_status":"closed","ping_status":"closed","template":"","meta":{"footnotes":""},"class_list":["post-2217","page","type-page","status-publish","has-post-thumbnail","hentry"],"_links":{"self":[{"href":"https:\/\/urlus.fi\/index.php\/wp-json\/wp\/v2\/pages\/2217","targetHints":{"allow":["GET"]}}],"collection":[{"href":"https:\/\/urlus.fi\/index.php\/wp-json\/wp\/v2\/pages"}],"about":[{"href":"https:\/\/urlus.fi\/index.php\/wp-json\/wp\/v2\/types\/page"}],"author":[{"embeddable":true,"href":"https:\/\/urlus.fi\/index.php\/wp-json\/wp\/v2\/users\/5"}],"replies":[{"embeddable":true,"href":"https:\/\/urlus.fi\/index.php\/wp-json\/wp\/v2\/comments?post=2217"}],"version-history":[{"count":5,"href":"https:\/\/urlus.fi\/index.php\/wp-json\/wp\/v2\/pages\/2217\/revisions"}],"predecessor-version":[{"id":2220,"href":"https:\/\/urlus.fi\/index.php\/wp-json\/wp\/v2\/pages\/2217\/revisions\/2220"}],"up":[{"embeddable":true,"href":"https:\/\/urlus.fi\/index.php\/wp-json\/wp\/v2\/pages\/47"}],"wp:featuredmedia":[{"embeddable":true,"href":"https:\/\/urlus.fi\/index.php\/wp-json\/wp\/v2\/media\/1964"}],"wp:attachment":[{"href":"https:\/\/urlus.fi\/index.php\/wp-json\/wp\/v2\/media?parent=2217"}],"curies":[{"name":"wp","href":"https:\/\/api.w.org\/{rel}","templated":true}]}}

Rajoja ruudulle, ei elämälle

<div id='full_slider_1'  class='avia-fullwidth-slider main_color avia-shadow   avia-builder-el-0  el_before_av_heading  avia-builder-el-first   container_wrap sidebar_right'  ><div  class='avia-slideshow av-16ton-52c53f8246c4cd5d51894ae98176ec7e avia-slideshow-featured av_slideshow_full avia-slide-slider av-slideshow-ui av-control-default av-slideshow-manual av-loop-once av-loop-manual-endless av-default-height-applied   avia-slideshow-1' data-slideshow-options="{&quot;animation&quot;:&quot;slide&quot;,&quot;autoplay&quot;:false,&quot;loop_autoplay&quot;:&quot;once&quot;,&quot;interval&quot;:5,&quot;loop_manual&quot;:&quot;manual-endless&quot;,&quot;autoplay_stopper&quot;:false,&quot;noNavigation&quot;:false,&quot;bg_slider&quot;:false,&quot;keep_padding&quot;:false,&quot;hoverpause&quot;:false,&quot;show_slide_delay&quot;:0}"  itemprop="image" itemscope="itemscope" itemtype="https://schema.org/ImageObject" ><ul class='avia-slideshow-inner ' style='padding-bottom: 28.648648648649%;'><li  class='avia-slideshow-slide av-16ton-52c53f8246c4cd5d51894ae98176ec7e__0  av-single-slide slide-1 slide-odd'><div data-rel='slideshow-1' class='avia-slide-wrap '   ><img fetchpriority="high" class="wp-image-1409 avia-img-lazy-loading-not-1409"  src='https://urlus.fi/wp-content/uploads/2023/05/urlus_katunakyma.jpg' width='1480' height='424' title='urlus_katunakyma' alt=''  itemprop="thumbnailUrl"   /></div></li></ul></div></div><div id='after_full_slider_1'  class='main_color av_default_container_wrap container_wrap sidebar_right'  ><div class='container av-section-cont-open' ><div class='template-page content  av-content-small alpha units'><div class='post-entry post-entry-type-page post-entry-2217'><div class='entry-content-wrapper clearfix'>

<style type="text/css" data-created_by="avia_inline_auto" id="style-css-av-2hqpid-43f54076730ba11441b3983be1ccabeb">
#top .av-special-heading.av-2hqpid-43f54076730ba11441b3983be1ccabeb{
padding-bottom:10px;
}
body .av-special-heading.av-2hqpid-43f54076730ba11441b3983be1ccabeb .av-special-heading-tag .heading-char{
font-size:25px;
}
.av-special-heading.av-2hqpid-43f54076730ba11441b3983be1ccabeb .av-subheading{
font-size:15px;
}
</style>
<div  class='av-special-heading av-2hqpid-43f54076730ba11441b3983be1ccabeb av-special-heading-h3  avia-builder-el-1  el_after_av_slideshow_full  el_before_av_hr  avia-builder-el-first  av-linked-heading'><h3 class='av-special-heading-tag'  itemprop="headline"  >Rajoja ruudulle, ei elämälle</h3><div class="special-heading-border"><div class="special-heading-inner-border"></div></div></div>

<style type="text/css" data-created_by="avia_inline_auto" id="style-css-av-l3n1m91g-5ce10ec470c4d72286a58c0766f14b0f">
#top .hr.hr-invisible.av-l3n1m91g-5ce10ec470c4d72286a58c0766f14b0f{
height:50px;
}
</style>
<div  class='hr av-l3n1m91g-5ce10ec470c4d72286a58c0766f14b0f hr-invisible  avia-builder-el-2  el_after_av_heading  el_before_av_two_third '><span class='hr-inner '><span class="hr-inner-style"></span></span></div>

<style type="text/css" data-created_by="avia_inline_auto" id="style-css-av-ay7wq-c104a36afb9c1c42e445009c9c61380d">
.flex_column.av-ay7wq-c104a36afb9c1c42e445009c9c61380d{
border-radius:0px 0px 0px 0px;
padding:0px 0px 0px 0px;
}
</style>
<div  class='flex_column av-ay7wq-c104a36afb9c1c42e445009c9c61380d av_two_third  avia-builder-el-3  el_after_av_hr  el_before_av_one_third  first flex_column_div av-zero-column-padding  '     ><section  class='av_textblock_section av-kd3glxa1-d7f1f33f50f073e9b7f9940f2bcf372c '   itemscope="itemscope" itemtype="https://schema.org/CreativeWork" ><div class='avia_textblock'  itemprop="text" ><div id="attachment_2218" style="width: 235px" class="wp-caption alignright"><a href="https://urlus.fi/wp-content/uploads/2026/04/riikka_ihamuotila.jpg"><img loading="lazy" decoding="async" aria-describedby="caption-attachment-2218" class=" wp-image-2218" src="https://urlus.fi/wp-content/uploads/2026/04/riikka_ihamuotila.jpg" alt="Riikka Ihamuotila" width="225" height="239" srcset="https://urlus.fi/wp-content/uploads/2026/04/riikka_ihamuotila.jpg 960w, https://urlus.fi/wp-content/uploads/2026/04/riikka_ihamuotila-754x800.jpg 754w, https://urlus.fi/wp-content/uploads/2026/04/riikka_ihamuotila-113x120.jpg 113w, https://urlus.fi/wp-content/uploads/2026/04/riikka_ihamuotila-768x815.jpg 768w, https://urlus.fi/wp-content/uploads/2026/04/riikka_ihamuotila-664x705.jpg 664w" sizes="auto, (max-width: 225px) 100vw, 225px" /></a><p id="caption-attachment-2218" class="wp-caption-text">Riikka Ihamuotila, Digirauha ry</p></div>
<p><span lang="null"><em><strong>Urlus</strong></em></span><em><strong><span lang="null">-säätiön yksi tämän vuoden </span><span lang="null">tukiensaajista</span><span lang="null"> on Digirauha ry. </span>Digirauha ry perustettiin syyskuussa 2024 rakentamaan lasten ja nuorten digitaalisen kasvurauhan mahdollisuuksia ja edistämään laajasti lasten teknologista turvallisuutta.</strong></em></p>
<p>Perustajajäsenet ovat itse sekä vanhempia omine kokemuksineen lasten ja nuorten digikulttuurista että eri alojen ammattilaisia.</p>
<p><span lang="null">Haastattelimme Riikka Ihamuotilaa Digirauha ry:stä. </span>Hän on Digirauhan yksi neljästä perustajasta.</p>
<p>Äitinä hänellä on kokemus oman lapsen digikäyttäytymisestä. ”<em>Kuulin, että 12-vuotiaana poikani oli nähnyt sosiaalisessa mediassa niin pahan väkivalta videon, että kaverit alkoivat oksentaa. Poika ei puhunut kokemuksestaan mitään kymmeneen vuoteen, mutta video on jättänyt syvän jäljen.</em></p>
<p><em><span lang="null">&#8211;</span>Poikani kertoi vasta yli 20-vuotiaana lapsena sosiaalisessa mediassa näkemästään videosta ja siitä, ettei pysty unohtamaan tuota näkemäänsä silmitöntä väkivaltavideota. Ajattelin, että tällainen on saatava loppumaan.</em></p>
<p>Näin on käynyt liian monille lapsille. He joutuvat digiväkivallan ja -seksuaalisuuden uhreiksi, odottamatta ja tietämättään. Jäljet voivat tuntua koko elämän.</p>
<p><span lang="null">Urlus</span><span lang="null">-säätiö lähti tämän tärkeän asian tukijaksi jo toista vuotta peräkkäin. </span></p>
<p><span lang="null">&#8211;</span><em><span lang="null">Avustus on paitsi merkittävä summa, niin myös henkinen kannuste työssämme lasten ja nuorten digirauhan rakentamiseen, </span></em><span lang="null">Riikka Ihamuotila kiittelee.</span></p>
<p><em>Me emme saa menettää keskusteluyhteyttä lapsiin ja nuoriin.</em></p>
<p><em>Uskomme, että digitaalisen kasvurauhan rakentamiseen tarvitaan mukaan kaikkia: kukaan ei voi tehdä muutosta yksin, mutta jokainen voi edistää muutosta omalla tahollaan.</em></p>
<p><em>Kutsumme mukaan eri toimijat suojelemaan lasten ja nuorten oikeuksia, luomaan digirauhallisen kasvuympäristön ja edistämään lasten ja nuorten fyysistä, henkistä ja kognitiivista hyvinvointia.</em></p>
<p><em>Tavoitteenamme on luoda yhteisöjä ja yhteisöllisyyttä digirauhallisemman elämän tueksi</em></p>
<p><em>Rakennamme työkaluja ja tuemme erilaisia toimia digirauhallisemman elämän ja arjen edistämiseksi perheissä ja laajasti lasten ja nuorten elämässä. Olemme mukana verkostoissa ja tuomme myös itse erilaisia tahoja yhteen aiheen äärelle.</em></p>
<p><em>Urlus-säätiöltä saamamme avustuksen turvin tulemme lisäämään tietoisuutta asian tärkeydestä ja tekemään tutkimuksen tekoälyn viihdekäytöstä. Jatkuvana työnä pyrimme samaan lasten ja nuorten digirauhan rakentamiseen yhteiskunnallisia päättäjätahoja mukaan.</em></p>
<p class="docx_luettelokappale docx-num-4-0">Haluan kiittää Digirauha ry.n puolesta tästä haastattelusta ja Urlus-säätiön hallitusta meidän tukemisesta. Lisää tietoa meistä osoitteesta: <a href="http://www.digirauha.fi">www.digirauha.fi</a></p>
</div></section></div>
<style type="text/css" data-created_by="avia_inline_auto" id="style-css-av-1uosct-db9e4db720f1c5b3ca2de655740149fe">
.flex_column.av-1uosct-db9e4db720f1c5b3ca2de655740149fe{
border-radius:0px 0px 0px 0px;
padding:0px 0px 0px 0px;
}
</style>
<div  class='flex_column av-1uosct-db9e4db720f1c5b3ca2de655740149fe av_one_third  avia-builder-el-5  el_after_av_two_third  el_before_av_one_full  flex_column_div av-zero-column-padding  '     ></div></p>

<style type="text/css" data-created_by="avia_inline_auto" id="style-css-av-ay7wq-1-04b7486b5fdbf5296857071fd85cad00">
.flex_column.av-ay7wq-1-04b7486b5fdbf5296857071fd85cad00{
border-radius:0px 0px 0px 0px;
padding:0px 0px 0px 0px;
}
</style>
<div  class='flex_column av-ay7wq-1-04b7486b5fdbf5296857071fd85cad00 av_one_full  avia-builder-el-6  el_after_av_one_third  avia-builder-el-last  first flex_column_div av-zero-column-padding  column-top-margin'     ></div>
