{"id":1951,"date":"2025-02-06T12:53:38","date_gmt":"2025-02-06T12:53:38","guid":{"rendered":"https:\/\/urlus.fi\/?page_id=1951"},"modified":"2025-03-17T10:19:34","modified_gmt":"2025-03-17T10:19:34","slug":"mikko-mursula-till-urlus-stiftelsens-styrelse","status":"publish","type":"page","link":"https:\/\/urlus.fi\/index.php\/sv\/aktuelt\/mikko-mursula-till-urlus-stiftelsens-styrelse\/","title":{"rendered":"Mikko Mursula till Urlus-stiftelsens styrelse"},"content":{"rendered":"<div id='full_slider_1'  class='avia-fullwidth-slider main_color avia-shadow   avia-builder-el-0  el_before_av_heading  avia-builder-el-first   container_wrap sidebar_right'  ><div  class='avia-slideshow av-16ton-52c53f8246c4cd5d51894ae98176ec7e avia-slideshow-featured av_slideshow_full avia-slide-slider av-slideshow-ui av-control-default av-slideshow-manual av-loop-once av-loop-manual-endless av-default-height-applied   avia-slideshow-1' data-slideshow-options=\"{&quot;animation&quot;:&quot;slide&quot;,&quot;autoplay&quot;:false,&quot;loop_autoplay&quot;:&quot;once&quot;,&quot;interval&quot;:5,&quot;loop_manual&quot;:&quot;manual-endless&quot;,&quot;autoplay_stopper&quot;:false,&quot;noNavigation&quot;:false,&quot;bg_slider&quot;:false,&quot;keep_padding&quot;:false,&quot;hoverpause&quot;:false,&quot;show_slide_delay&quot;:0}\"  itemprop=\"image\" itemscope=\"itemscope\" itemtype=\"https:\/\/schema.org\/ImageObject\" ><ul class='avia-slideshow-inner ' style='padding-bottom: 28.648648648649%;'><li  class='avia-slideshow-slide av-16ton-52c53f8246c4cd5d51894ae98176ec7e__0  av-single-slide slide-1 slide-odd'><div data-rel='slideshow-1' class='avia-slide-wrap '   ><img fetchpriority=\"high\" class=\"wp-image-1409 avia-img-lazy-loading-not-1409\"  src='https:\/\/urlus.fi\/wp-content\/uploads\/2023\/05\/urlus_katunakyma.jpg' width='1480' height='424' title='urlus_katunakyma' alt=''  itemprop=\"thumbnailUrl\"   \/><\/div><\/li><\/ul><\/div><\/div><div id='after_full_slider_1'  class='main_color av_default_container_wrap container_wrap sidebar_right'  ><div class='container av-section-cont-open' ><div class='template-page content  av-content-small alpha units'><div class='post-entry post-entry-type-page post-entry-1951'><div class='entry-content-wrapper clearfix'>\n\n<style type=\"text\/css\" data-created_by=\"avia_inline_auto\" id=\"style-css-av-av_heading-9a3b7ef4f2a177df647b581da6a9e32d\">\n#top .av-special-heading.av-av_heading-9a3b7ef4f2a177df647b581da6a9e32d{\npadding-bottom:10px;\n}\nbody .av-special-heading.av-av_heading-9a3b7ef4f2a177df647b581da6a9e32d .av-special-heading-tag .heading-char{\nfont-size:25px;\n}\n.av-special-heading.av-av_heading-9a3b7ef4f2a177df647b581da6a9e32d .av-subheading{\nfont-size:15px;\n}\n<\/style>\n<div  class='av-special-heading av-av_heading-9a3b7ef4f2a177df647b581da6a9e32d av-special-heading-h3  avia-builder-el-1  el_after_av_slideshow_full  el_before_av_hr  avia-builder-el-first '><h3 class='av-special-heading-tag'  itemprop=\"headline\"  >Mikko Mursula till Urlus-stiftelsens styrelse<\/h3><div class=\"special-heading-border\"><div class=\"special-heading-inner-border\"><\/div><\/div><\/div>\n\n<style type=\"text\/css\" data-created_by=\"avia_inline_auto\" id=\"style-css-av-l3n1m91g-5ce10ec470c4d72286a58c0766f14b0f\">\n#top .hr.hr-invisible.av-l3n1m91g-5ce10ec470c4d72286a58c0766f14b0f{\nheight:50px;\n}\n<\/style>\n<div  class='hr av-l3n1m91g-5ce10ec470c4d72286a58c0766f14b0f hr-invisible  avia-builder-el-2  el_after_av_heading  el_before_av_two_third '><span class='hr-inner '><span class=\"hr-inner-style\"><\/span><\/span><\/div>\n\n<style type=\"text\/css\" data-created_by=\"avia_inline_auto\" id=\"style-css-av-ay7wq-c104a36afb9c1c42e445009c9c61380d\">\n.flex_column.av-ay7wq-c104a36afb9c1c42e445009c9c61380d{\nborder-radius:0px 0px 0px 0px;\npadding:0px 0px 0px 0px;\n}\n<\/style>\n<div  class='flex_column av-ay7wq-c104a36afb9c1c42e445009c9c61380d av_two_third  avia-builder-el-3  el_after_av_hr  el_before_av_one_third  first flex_column_div av-zero-column-padding  '     ><section  class='av_textblock_section av-kd3glxa1-278439855b147618e591e7e2b9138072 '   itemscope=\"itemscope\" itemtype=\"https:\/\/schema.org\/CreativeWork\" ><div class='avia_textblock'  itemprop=\"text\" ><div id=\"attachment_1940\" style=\"width: 2570px\" class=\"wp-caption aligncenter\"><a href=\"https:\/\/urlus.fi\/wp-content\/uploads\/2025\/02\/mikko_mursula-scaled.jpg\"><img loading=\"lazy\" decoding=\"async\" aria-describedby=\"caption-attachment-1940\" class=\"wp-image-1940 size-full\" src=\"https:\/\/urlus.fi\/wp-content\/uploads\/2025\/02\/mikko_mursula-scaled.jpg\" alt=\"Ekonomie M.Sc Mikko Mursula\" width=\"2560\" height=\"1707\" srcset=\"https:\/\/urlus.fi\/wp-content\/uploads\/2025\/02\/mikko_mursula-scaled.jpg 2560w, https:\/\/urlus.fi\/wp-content\/uploads\/2025\/02\/mikko_mursula-800x533.jpg 800w, https:\/\/urlus.fi\/wp-content\/uploads\/2025\/02\/mikko_mursula-120x80.jpg 120w, https:\/\/urlus.fi\/wp-content\/uploads\/2025\/02\/mikko_mursula-768x512.jpg 768w, https:\/\/urlus.fi\/wp-content\/uploads\/2025\/02\/mikko_mursula-1536x1024.jpg 1536w, https:\/\/urlus.fi\/wp-content\/uploads\/2025\/02\/mikko_mursula-2048x1365.jpg 2048w, https:\/\/urlus.fi\/wp-content\/uploads\/2025\/02\/mikko_mursula-1500x1000.jpg 1500w, https:\/\/urlus.fi\/wp-content\/uploads\/2025\/02\/mikko_mursula-705x470.jpg 705w\" sizes=\"auto, (max-width: 2560px) 100vw, 2560px\" \/><\/a><p id=\"caption-attachment-1940\" class=\"wp-caption-text\">Ekonomie magister Mikko Mursula<\/p><\/div>\n<p><span lang=\"EN-US\">Stiftelsen Urlus styrelse har valt ekonomie magister Mikko Mursula till ny medlem i stiftelsens styrelse. Mikko Mursula arbetar p\u00e5 Ilmarinen som vice verkst\u00e4llande direkt\u00f6r med ansvar f\u00f6r investering.<\/span><span lang=\"EN-US\">\u00a0<\/span><\/p>\n<p><span lang=\"EN-US\">&#8221;Vi \u00e4r mycket glada \u00f6ver att ha Mikko i v\u00e5r styrelse. Mikko har l\u00e5ng erfarenhet av investeringar genom sitt arbete. Mikko har ocks\u00e5 med sig ett starkt kunnande om grunden; Han \u00e4r styrelsemedlem i Jane och Aatos Erkkos stiftelse och ordf\u00f6rande f\u00f6r placeringskommitt\u00e9n f\u00f6r Stiftelsen f\u00f6r Aalto-universitetet&#8221;, s\u00e4ger Urlusstiftelsens vice ordf\u00f6rande Antti-Matti Siikala.<\/span><span lang=\"EN-US\">\u00a0<\/span><\/p>\n<p><span lang=\"EN-US\">&#8221;Det \u00e4r fint att bli en del av Urlus Foundations styrelse. Stiftelsen har en betydande roll i huvudstadsregionen genom st\u00f6dverksamhet som riktar sig till barn och unga. Dessutom har det frivilliga f\u00f6rsvaret alltid varit viktigt f\u00f6r mig, s\u00e4ger Mikko Mursula.<\/span><span lang=\"EN-US\">\u00a0<\/span><\/p>\n<\/div><\/section><\/div>\n\n<style type=\"text\/css\" data-created_by=\"avia_inline_auto\" id=\"style-css-av-1uosct-db9e4db720f1c5b3ca2de655740149fe\">\n.flex_column.av-1uosct-db9e4db720f1c5b3ca2de655740149fe{\nborder-radius:0px 0px 0px 0px;\npadding:0px 0px 0px 0px;\n}\n<\/style>\n<div  class='flex_column av-1uosct-db9e4db720f1c5b3ca2de655740149fe av_one_third  avia-builder-el-5  el_after_av_two_third  el_before_av_one_full  flex_column_div av-zero-column-padding  '     ><\/div>\n\n<style type=\"text\/css\" data-created_by=\"avia_inline_auto\" id=\"style-css-av-ay7wq-c104a36afb9c1c42e445009c9c61380d\">\n.flex_column.av-ay7wq-c104a36afb9c1c42e445009c9c61380d{\nborder-radius:0px 0px 0px 0px;\npadding:0px 0px 0px 0px;\n}\n<\/style>\n<div  class='flex_column av-ay7wq-c104a36afb9c1c42e445009c9c61380d av_one_full  avia-builder-el-6  el_after_av_one_third  avia-builder-el-last  first flex_column_div av-zero-column-padding  column-top-margin'     ><section  class='av_textblock_section av-kd3glxa1-278439855b147618e591e7e2b9138072 '   itemscope=\"itemscope\" itemtype=\"https:\/\/schema.org\/CreativeWork\" ><div class='avia_textblock'  itemprop=\"text\" ><p>Bild: Ilmarinen<br \/>\nHuvudbild: Nikolai Ylirotu<\/p>\n<\/div><\/section><\/div>\n","protected":false},"excerpt":{"rendered":"","protected":false},"author":5,"featured_media":1939,"parent":135,"menu_order":1,"comment_status":"closed","ping_status":"closed","template":"","meta":{"footnotes":""},"class_list":["post-1951","page","type-page","status-publish","has-post-thumbnail","hentry"],"_links":{"self":[{"href":"https:\/\/urlus.fi\/index.php\/wp-json\/wp\/v2\/pages\/1951","targetHints":{"allow":["GET"]}}],"collection":[{"href":"https:\/\/urlus.fi\/index.php\/wp-json\/wp\/v2\/pages"}],"about":[{"href":"https:\/\/urlus.fi\/index.php\/wp-json\/wp\/v2\/types\/page"}],"author":[{"embeddable":true,"href":"https:\/\/urlus.fi\/index.php\/wp-json\/wp\/v2\/users\/5"}],"replies":[{"embeddable":true,"href":"https:\/\/urlus.fi\/index.php\/wp-json\/wp\/v2\/comments?post=1951"}],"version-history":[{"count":4,"href":"https:\/\/urlus.fi\/index.php\/wp-json\/wp\/v2\/pages\/1951\/revisions"}],"predecessor-version":[{"id":1987,"href":"https:\/\/urlus.fi\/index.php\/wp-json\/wp\/v2\/pages\/1951\/revisions\/1987"}],"up":[{"embeddable":true,"href":"https:\/\/urlus.fi\/index.php\/wp-json\/wp\/v2\/pages\/135"}],"wp:featuredmedia":[{"embeddable":true,"href":"https:\/\/urlus.fi\/index.php\/wp-json\/wp\/v2\/media\/1939"}],"wp:attachment":[{"href":"https:\/\/urlus.fi\/index.php\/wp-json\/wp\/v2\/media?parent=1951"}],"curies":[{"name":"wp","href":"https:\/\/api.w.org\/{rel}","templated":true}]}}