{"id":1757,"date":"2024-04-29T09:14:25","date_gmt":"2024-04-29T09:14:25","guid":{"rendered":"https:\/\/urlus.fi\/?page_id=1757"},"modified":"2024-04-29T09:28:59","modified_gmt":"2024-04-29T09:28:59","slug":"vuoden-2024-urlus-palkinnot-neljalle-urheiluseuralle","status":"publish","type":"page","link":"https:\/\/urlus.fi\/index.php\/ajankohtaista\/vuoden-2024-urlus-palkinnot-neljalle-urheiluseuralle\/","title":{"rendered":"Vuoden 2024 Urlus-palkinnot nelj\u00e4lle urheiluseuralle"},"content":{"rendered":"<div id='full_slider_1'  class='avia-fullwidth-slider main_color avia-shadow   avia-builder-el-0  el_before_av_heading  avia-builder-el-first   container_wrap sidebar_right'  ><div  class='avia-slideshow av-16ton-52c53f8246c4cd5d51894ae98176ec7e avia-slideshow-featured av_slideshow_full avia-slide-slider av-slideshow-ui av-control-default av-slideshow-manual av-loop-once av-loop-manual-endless av-default-height-applied   avia-slideshow-1' data-slideshow-options=\"{&quot;animation&quot;:&quot;slide&quot;,&quot;autoplay&quot;:false,&quot;loop_autoplay&quot;:&quot;once&quot;,&quot;interval&quot;:5,&quot;loop_manual&quot;:&quot;manual-endless&quot;,&quot;autoplay_stopper&quot;:false,&quot;noNavigation&quot;:false,&quot;bg_slider&quot;:false,&quot;keep_padding&quot;:false,&quot;hoverpause&quot;:false,&quot;show_slide_delay&quot;:0}\"  itemprop=\"image\" itemscope=\"itemscope\" itemtype=\"https:\/\/schema.org\/ImageObject\" ><ul class='avia-slideshow-inner ' style='padding-bottom: 28.648648648649%;'><li  class='avia-slideshow-slide av-16ton-52c53f8246c4cd5d51894ae98176ec7e__0  av-single-slide slide-1 slide-odd'><div data-rel='slideshow-1' class='avia-slide-wrap '   ><img fetchpriority=\"high\" class=\"wp-image-1409 avia-img-lazy-loading-not-1409\"  src='https:\/\/urlus.fi\/wp-content\/uploads\/2023\/05\/urlus_katunakyma.jpg' width='1480' height='424' title='urlus_katunakyma' alt=''  itemprop=\"thumbnailUrl\"   \/><\/div><\/li><\/ul><\/div><\/div><div id='after_full_slider_1'  class='main_color av_default_container_wrap container_wrap sidebar_right'  ><div class='container av-section-cont-open' ><div class='template-page content  av-content-small alpha units'><div class='post-entry post-entry-type-page post-entry-1757'><div class='entry-content-wrapper clearfix'>\n\n<style type=\"text\/css\" data-created_by=\"avia_inline_auto\" id=\"style-css-av-av_heading-f1c9478199568788effc607b5770a88c\">\n#top .av-special-heading.av-av_heading-f1c9478199568788effc607b5770a88c{\npadding-bottom:10px;\n}\nbody .av-special-heading.av-av_heading-f1c9478199568788effc607b5770a88c .av-special-heading-tag .heading-char{\nfont-size:25px;\n}\n.av-special-heading.av-av_heading-f1c9478199568788effc607b5770a88c .av-subheading{\nfont-size:15px;\n}\n<\/style>\n<div  class='av-special-heading av-av_heading-f1c9478199568788effc607b5770a88c av-special-heading-h3  avia-builder-el-1  el_after_av_slideshow_full  el_before_av_hr  avia-builder-el-first '><h3 class='av-special-heading-tag'  itemprop=\"headline\"  >Vuoden 2024 Urlus-palkinnot nelj\u00e4lle urheiluseuralle<\/h3><div class=\"special-heading-border\"><div class=\"special-heading-inner-border\"><\/div><\/div><\/div>\n\n<style type=\"text\/css\" data-created_by=\"avia_inline_auto\" id=\"style-css-av-l3n1m91g-5ce10ec470c4d72286a58c0766f14b0f\">\n#top .hr.hr-invisible.av-l3n1m91g-5ce10ec470c4d72286a58c0766f14b0f{\nheight:50px;\n}\n<\/style>\n<div  class='hr av-l3n1m91g-5ce10ec470c4d72286a58c0766f14b0f hr-invisible  avia-builder-el-2  el_after_av_heading  el_before_av_two_third '><span class='hr-inner '><span class=\"hr-inner-style\"><\/span><\/span><\/div>\n\n<style type=\"text\/css\" data-created_by=\"avia_inline_auto\" id=\"style-css-av-ay7wq-c104a36afb9c1c42e445009c9c61380d\">\n.flex_column.av-ay7wq-c104a36afb9c1c42e445009c9c61380d{\nborder-radius:0px 0px 0px 0px;\npadding:0px 0px 0px 0px;\n}\n<\/style>\n<div  class='flex_column av-ay7wq-c104a36afb9c1c42e445009c9c61380d av_two_third  avia-builder-el-3  el_after_av_hr  el_before_av_one_third  first flex_column_div av-zero-column-padding  '     ><section  class='av_textblock_section av-kd3glxa1-278439855b147618e591e7e2b9138072 '   itemscope=\"itemscope\" itemtype=\"https:\/\/schema.org\/CreativeWork\" ><div class='avia_textblock'  itemprop=\"text\" ><p><img loading=\"lazy\" decoding=\"async\" class=\"alignnone size-medium wp-image-1765\" src=\"https:\/\/urlus.fi\/wp-content\/uploads\/2024\/04\/yhteiskuva-1_16x10-800x501.png\" alt=\"\" width=\"800\" height=\"501\" srcset=\"https:\/\/urlus.fi\/wp-content\/uploads\/2024\/04\/yhteiskuva-1_16x10-800x501.png 800w, https:\/\/urlus.fi\/wp-content\/uploads\/2024\/04\/yhteiskuva-1_16x10-120x75.png 120w, https:\/\/urlus.fi\/wp-content\/uploads\/2024\/04\/yhteiskuva-1_16x10-768x480.png 768w, https:\/\/urlus.fi\/wp-content\/uploads\/2024\/04\/yhteiskuva-1_16x10-705x441.png 705w, https:\/\/urlus.fi\/wp-content\/uploads\/2024\/04\/yhteiskuva-1_16x10.png 1381w\" sizes=\"auto, (max-width: 800px) 100vw, 800px\" \/><\/p>\n<p><em><strong>Urlus-s\u00e4\u00e4ti\u00f6 jakaa vuosittain s\u00e4\u00e4ti\u00f6n nime\u00e4 kantavan Urlus-palkinnon. Vuodesta 2018 palkintoa on jaettu vuorovuosina nuorisoty\u00f6lle, liikunnalle ja urheilulle sek\u00e4 vapaaehtoista maanpuolustusty\u00f6t\u00e4 tekeville yhteis\u00f6ille. T\u00e4n\u00e4 vuonna oli j\u00e4lleen liikunnan vuoro.<\/strong><\/em><\/p>\n<p>Urlus-palkinnot my\u00f6nnettiin seuraaville nelj\u00e4lle p\u00e4\u00e4kaupunkiseudun urheiluseuralle:<\/p>\n<ul>\n<li>Helsingin NMKY (koripallo)<\/li>\n<li>Koivukyl\u00e4n Palloseura<\/li>\n<li>Er\u00e4viikingit<\/li>\n<li>Westend lndians (Heimo Specials \u00adtoiminta).<\/li>\n<\/ul>\n<p>Kullekin seuralle my\u00f6nnettiin 15\u00a0000 \u20ac arvoinen palkinto. Palkittuja seuroja yhdist\u00e4\u00e4, ett\u00e4 ne tekev\u00e4t kukin eritt\u00e4in arvokasta ty\u00f6t\u00e4 lasten ja nuorten parissa mahdollistamalla matalan kynnyksen harrastustoiminnan.<\/p>\n<p>Palkinnot luovutettiin Urlus-s\u00e4\u00e4ti\u00f6n tiloissa Helsingin T\u00f6\u00f6l\u00f6ss\u00e4 tiistaina 23.4. Tilaisuuden aluksi s\u00e4\u00e4ti\u00f6n puheenjohtaja <strong>Mikko Koskimies<\/strong> kertoi Urlus-s\u00e4\u00e4ti\u00f6st\u00e4 ja palkinnosta. Koskimies korosti, ett\u00e4 palkinnolla palkitaan toimijoita poikkeuksellisen upeasta ty\u00f6st\u00e4 ja toiminnasta.<\/p>\n<p>Seurojen palkitsemisperusteet olivat tiivistettyin\u00e4 seuraavat:<\/p>\n<p><strong>HNMKY (koripallo)<\/strong><\/p>\n<p><em>HNMKY (koripallo) on onnistunut houkuttelemaan moninaisista kulttuuri- ja kielitaustoista tulevia lapsia ja nuoria harrastamaan liikuntaa.<\/em><\/p>\n<p><em>HNMKY ry liikuttaa tuntim\u00e4\u00e4r\u00e4llisesti eniten lapsia ja nuoria niill\u00e4 alueilla, joille kaupunki on keskitt\u00e4nyt segregaatiota ehk\u00e4isevi\u00e4 toimenpiteit\u00e4. HNMKY ry (koripallo) on toiminut aktiivisesti my\u00f6s koko seuratoiminnan kehitt\u00e4miseksi Helsingiss\u00e4.<\/em><\/p>\n<p><strong>Koivukyl\u00e4n Palloseura<\/strong><\/p>\n<p><em>Koivukyl\u00e4n Palloseura on tavoittanut erinomaisesti toiminta-alueidensa asukkaita mukaan toimintaan.<\/em><\/p>\n<p><em>Koivukyl\u00e4n Palloseuralla on toimintaa kaikenik\u00e4isille aina 3-4 -vuotiaiden lasten minifutiksesta aikuisten harrastefutikseen. Lis\u00e4ksi seurassa toimii erityisryhm\u00e4 lapsille ja nuorille.<\/em><\/p>\n<p><em>Seura on missionsa mukaisesti alueellinen hyvinvoinnin edist\u00e4j\u00e4 ja pitovoimainen jalkapalloyhteis\u00f6.<\/em><\/p>\n<p><strong>Er\u00e4Viikingit<\/strong><\/p>\n<p><em>Er\u00e4Viikingit on salibandyseura, jonka toiminnassa on mukana noin 2000 lasta, nuorta ja aikuista.<\/em><\/p>\n<p><em>Er\u00e4Viikinkien &#8221;Floorball for Happiness&#8221; -yhteiskuntavastuuohjelma edist\u00e4\u00e4 matalan kynnyksen harrastustoimintaa. T\u00e4h\u00e4n liittyen seura j\u00e4rjest\u00e4\u00e4 eritt\u00e4in laadukasta harrastetoimintaa ymp\u00e4ri p\u00e4\u00e4kaupunkiseutua eri kohderyhmille.<\/em><\/p>\n<p><em>Seura tuottaa hyvinvointia ja onnellisuutta liikunnan ja sosiaalisen vuorovaikutuksen kautta.<\/em><\/p>\n<p><strong>Westend lndians<\/strong><\/p>\n<p><em>Westend lndians, Heimo, on yhdenvertainen ja monikulttuurinen yhteis\u00f6, jossa ket\u00e4\u00e4n ei syrjit\u00e4.<\/em><\/p>\n<p><em>Konkreettinen osoitus t\u00e4st\u00e4 on Westend lndiansin liikuntatoiminta erityisryhmille.<\/em><\/p>\n<p><em>Seura toteuttaa ainutlaatuista Heimo Specials -toimintaa erityist\u00e4 tukea tarvitseville lapsille ja nuorille. Vuosien varrella toiminta on kasvanut ja nyt mukana on jo yli 100 harrastajaa useissa eri ryhmiss\u00e4.<\/em><\/p>\n<p>Palkitsemistilaisuudessa kuultiin my\u00f6s kunkin seuran edustajalta ajatuksia, mihin toimintaan seurat kohdistavat palkinnon.<\/p>\n<p>Urlus-s\u00e4\u00e4ti\u00f6 sai t\u00e4m\u00e4n vuoden palkitsemisiin arvokasta tukea Helsingin ja Vantaan kaupunkien liikuntajohdolta, josta heille iso kiitos.<\/p>\n<p><em>Mika Piiroinen<\/em><\/p>\n<\/div><\/section><\/div>\n\n<style type=\"text\/css\" data-created_by=\"avia_inline_auto\" id=\"style-css-av-1uosct-db9e4db720f1c5b3ca2de655740149fe\">\n.flex_column.av-1uosct-db9e4db720f1c5b3ca2de655740149fe{\nborder-radius:0px 0px 0px 0px;\npadding:0px 0px 0px 0px;\n}\n<\/style>\n<div  class='flex_column av-1uosct-db9e4db720f1c5b3ca2de655740149fe av_one_third  avia-builder-el-5  el_after_av_two_third  el_before_av_one_full  flex_column_div av-zero-column-padding  '     ><\/div>\n\n<style type=\"text\/css\" data-created_by=\"avia_inline_auto\" id=\"style-css-av-ay7wq-c104a36afb9c1c42e445009c9c61380d\">\n.flex_column.av-ay7wq-c104a36afb9c1c42e445009c9c61380d{\nborder-radius:0px 0px 0px 0px;\npadding:0px 0px 0px 0px;\n}\n<\/style>\n<div  class='flex_column av-ay7wq-c104a36afb9c1c42e445009c9c61380d av_one_full  avia-builder-el-6  el_after_av_one_third  avia-builder-el-last  first flex_column_div av-zero-column-padding  column-top-margin'     ><section  class='av_textblock_section av-kd3glxa1-278439855b147618e591e7e2b9138072 '   itemscope=\"itemscope\" itemtype=\"https:\/\/schema.org\/CreativeWork\" ><div class='avia_textblock'  itemprop=\"text\" ><p>Ryhm\u00e4kuva: Mika Piiroinen<br \/>\nP\u00e4\u00e4kuva: Nikolai Ylirotu<\/p>\n<\/div><\/section><\/div>\n","protected":false},"excerpt":{"rendered":"","protected":false},"author":5,"featured_media":1767,"parent":47,"menu_order":1,"comment_status":"closed","ping_status":"closed","template":"","meta":{"footnotes":""},"class_list":["post-1757","page","type-page","status-publish","has-post-thumbnail","hentry"],"_links":{"self":[{"href":"https:\/\/urlus.fi\/index.php\/wp-json\/wp\/v2\/pages\/1757","targetHints":{"allow":["GET"]}}],"collection":[{"href":"https:\/\/urlus.fi\/index.php\/wp-json\/wp\/v2\/pages"}],"about":[{"href":"https:\/\/urlus.fi\/index.php\/wp-json\/wp\/v2\/types\/page"}],"author":[{"embeddable":true,"href":"https:\/\/urlus.fi\/index.php\/wp-json\/wp\/v2\/users\/5"}],"replies":[{"embeddable":true,"href":"https:\/\/urlus.fi\/index.php\/wp-json\/wp\/v2\/comments?post=1757"}],"version-history":[{"count":4,"href":"https:\/\/urlus.fi\/index.php\/wp-json\/wp\/v2\/pages\/1757\/revisions"}],"predecessor-version":[{"id":1794,"href":"https:\/\/urlus.fi\/index.php\/wp-json\/wp\/v2\/pages\/1757\/revisions\/1794"}],"up":[{"embeddable":true,"href":"https:\/\/urlus.fi\/index.php\/wp-json\/wp\/v2\/pages\/47"}],"wp:featuredmedia":[{"embeddable":true,"href":"https:\/\/urlus.fi\/index.php\/wp-json\/wp\/v2\/media\/1767"}],"wp:attachment":[{"href":"https:\/\/urlus.fi\/index.php\/wp-json\/wp\/v2\/media?parent=1757"}],"curies":[{"name":"wp","href":"https:\/\/api.w.org\/{rel}","templated":true}]}}