{"id":1722,"date":"2024-03-08T00:00:29","date_gmt":"2024-03-08T00:00:29","guid":{"rendered":"https:\/\/urlus.fi\/?page_id=1722"},"modified":"2024-04-29T09:50:54","modified_gmt":"2024-04-29T09:50:54","slug":"stiftelsens-bidragsbeslut-for-2024","status":"publish","type":"page","link":"https:\/\/urlus.fi\/index.php\/sv\/aktuelt\/stiftelsens-bidragsbeslut-for-2024\/","title":{"rendered":"Stiftelsens bidragsbeslut f\u00f6r 2024"},"content":{"rendered":"<div id='full_slider_1'  class='avia-fullwidth-slider main_color avia-shadow   avia-builder-el-0  el_before_av_heading  avia-builder-el-first   container_wrap sidebar_right'  ><div  class='avia-slideshow av-16ton-52c53f8246c4cd5d51894ae98176ec7e avia-slideshow-featured av_slideshow_full avia-slide-slider av-slideshow-ui av-control-default av-slideshow-manual av-loop-once av-loop-manual-endless av-default-height-applied   avia-slideshow-1' data-slideshow-options=\"{&quot;animation&quot;:&quot;slide&quot;,&quot;autoplay&quot;:false,&quot;loop_autoplay&quot;:&quot;once&quot;,&quot;interval&quot;:5,&quot;loop_manual&quot;:&quot;manual-endless&quot;,&quot;autoplay_stopper&quot;:false,&quot;noNavigation&quot;:false,&quot;bg_slider&quot;:false,&quot;keep_padding&quot;:false,&quot;hoverpause&quot;:false,&quot;show_slide_delay&quot;:0}\"  itemprop=\"image\" itemscope=\"itemscope\" itemtype=\"https:\/\/schema.org\/ImageObject\" ><ul class='avia-slideshow-inner ' style='padding-bottom: 28.648648648649%;'><li  class='avia-slideshow-slide av-16ton-52c53f8246c4cd5d51894ae98176ec7e__0  av-single-slide slide-1 slide-odd'><div data-rel='slideshow-1' class='avia-slide-wrap '   ><img fetchpriority=\"high\" class=\"wp-image-1409 avia-img-lazy-loading-not-1409\"  src='https:\/\/urlus.fi\/wp-content\/uploads\/2023\/05\/urlus_katunakyma.jpg' width='1480' height='424' title='urlus_katunakyma' alt=''  itemprop=\"thumbnailUrl\"   \/><\/div><\/li><\/ul><\/div><\/div><div id='after_full_slider_1'  class='main_color av_default_container_wrap container_wrap sidebar_right'  ><div class='container av-section-cont-open' ><div class='template-page content  av-content-small alpha units'><div class='post-entry post-entry-type-page post-entry-1722'><div class='entry-content-wrapper clearfix'>\n\n<style type=\"text\/css\" data-created_by=\"avia_inline_auto\" id=\"style-css-av-lthqw6b0-b77b18497253b602fb73d7befad359ac\">\n#top .av-special-heading.av-lthqw6b0-b77b18497253b602fb73d7befad359ac{\npadding-bottom:10px;\n}\nbody .av-special-heading.av-lthqw6b0-b77b18497253b602fb73d7befad359ac .av-special-heading-tag .heading-char{\nfont-size:25px;\n}\n.av-special-heading.av-lthqw6b0-b77b18497253b602fb73d7befad359ac .av-subheading{\nfont-size:15px;\n}\n<\/style>\n<div  class='av-special-heading av-lthqw6b0-b77b18497253b602fb73d7befad359ac av-special-heading-h3  avia-builder-el-1  el_after_av_slideshow_full  el_before_av_two_third  avia-builder-el-first '><h3 class='av-special-heading-tag'  itemprop=\"headline\"  >Stiftelsens bidragsbeslut f\u00f6r 2024<\/h3><div class=\"special-heading-border\"><div class=\"special-heading-inner-border\"><\/div><\/div><\/div>\n\n<style type=\"text\/css\" data-created_by=\"avia_inline_auto\" id=\"style-css-av-ay7wq-c104a36afb9c1c42e445009c9c61380d\">\n.flex_column.av-ay7wq-c104a36afb9c1c42e445009c9c61380d{\nborder-radius:0px 0px 0px 0px;\npadding:0px 0px 0px 0px;\n}\n<\/style>\n<div  class='flex_column av-ay7wq-c104a36afb9c1c42e445009c9c61380d av_two_third  avia-builder-el-2  el_after_av_heading  el_before_av_one_third  first flex_column_div av-zero-column-padding  '     ><section  class='av_textblock_section av-kd3glxa1-278439855b147618e591e7e2b9138072 '   itemscope=\"itemscope\" itemtype=\"https:\/\/schema.org\/CreativeWork\" ><div class='avia_textblock'  itemprop=\"text\" ><p><em><strong>Stiftelsens styrelse besl\u00f6t att dela ut stipendier p\u00e5 sammanlagt 2,7 miljoner euro. Bidragsbeloppet kommer att vara p\u00e5 samma niv\u00e5 som 2023. St\u00f6d beviljades till 153 s\u00f6kande. 45 % av de s\u00f6kande f\u00e5r st\u00f6d.<\/strong><\/em><\/p>\n<p><strong>Om ans\u00f6kningsprocessen<\/strong><\/p>\n<p>I ans\u00f6kningsomg\u00e5ngen som avslutades vid \u00e5rsskiftet fick stiftelsen in ett rekordstort antal ans\u00f6kningar, totalt 337 styck. I den f\u00f6reg\u00e5ende ans\u00f6kningsomg\u00e5ngen inkom 183 ans\u00f6kningar. Totalt sett \u00f6kade antalet ans\u00f6kningar med 84 procent.<\/p>\n<p>Mest \u00f6kade antalet ans\u00f6kningar om idrott och fysisk aktivitet, med 217 ans\u00f6kningar. I den f\u00f6rra ans\u00f6kningsomg\u00e5ngen kom det in 89 ans\u00f6kningar, vilket inneb\u00e4r en \u00f6kning med 144 procent.<\/p>\n<p>Antalet ans\u00f6kningar \u00f6kade ocks\u00e5 inom ungdomsarbete (67 %) och f\u00f6rsvar (76 %). Det totala beloppet av de underst\u00f6d som s\u00f6ktes i ans\u00f6kningarna var 6,8 miljoner euro.<\/p>\n<p><strong>Beslut om bidrag<\/strong><\/p>\n<p>Mest st\u00f6d riktades till idrott och fysisk aktivitet, f\u00f6r vilket 1 055 000 miljoner euro beviljades. Detta motsvarar 39 % av det totala bidragsbeloppet. F\u00f6r f\u00f6rsta g\u00e5ngen blev fysisk aktivitet det st\u00f6rsta. Stiftelsens styrelse h\u00f6jde st\u00f6det f\u00f6r idrott och fysisk aktivitet med \u00f6ver 100 000 euro j\u00e4mf\u00f6rt med \u00e5ret innan. N\u00e4r det g\u00e4ller idrott och fysisk aktivitet har man i besluten prioriterat hobbyverksamhet med l\u00e5g tr\u00f6skel f\u00f6r barn och unga samt st\u00f6d f\u00f6r hobbyverksamhet f\u00f6r barn och unga fr\u00e5n familjer med l\u00e5ga inkomster.<\/p>\n<p>N\u00e4stan lika mycket st\u00f6d anslogs till det nationella f\u00f6rsvaret \u2013 1 035 000 miljoner euro. De st\u00f6rsta st\u00f6dmottagarna \u00e4r F\u00f6rsvarsst\u00f6det, Helsingfors reservofficersdistrikt och Helsingforsregionens reservistdistrikt. Dessutom st\u00f6der stiftelsen \u00e5rligen F\u00f6rsvarsmakten och Gr\u00e4nsbevakningsv\u00e4sendet i bel\u00f6nandet av bev\u00e4ringar och personalstudier.<\/p>\n<p>St\u00f6d f\u00f6r ungdomsarbete beviljades till knappt 571 000 tusen. Ungdomsarbetet har prioriterat arbetet f\u00f6r att f\u00f6rebygga marginalisering. Stiftelsen vill delta i aktuella projekt som bygger ett b\u00e4ttre och tryggare Finland.<\/p>\n<p>Dessutom har stiftelsen traditionellt st\u00f6tt veteranarbete i huvudstadsregionen.<\/p>\n<p>Stiftelsen skickar bidragsbeslut till de s\u00f6kande inom de n\u00e4rmaste tv\u00e5 veckorna. I beslutet finns anvisningar f\u00f6r dem som f\u00e5tt ett positivt st\u00f6dbeslut om hur de ska anm\u00e4la betalningsuppgifter.<\/p>\n<p>I april publicerar stiftelsen p\u00e5 sin webbplats de s\u00f6kande som f\u00e5tt 5 000 euro eller mer och det huvudsakliga syftet med stipendiet.<\/p>\n<p><strong>N\u00e4sta s\u00f6kning<\/strong><\/p>\n<p>I \u00e5rets ans\u00f6kningsomg\u00e5ng f\u00f6ljdes upp utvecklingen av antalet ans\u00f6kningar dagligen. D\u00e4rf\u00f6r har stiftelsen beslutat att f\u00f6rkorta ans\u00f6kningstiden redan fr\u00e5n b\u00f6rjan. Ans\u00f6kningstiden f\u00f6r stipendier f\u00f6r 2025 \u00e4r 15.11.\u201331.12.2024.<\/p>\n<div id=\"malwarebytes-root\"><\/div>\n<\/div><\/section><\/div>\n<style type=\"text\/css\" data-created_by=\"avia_inline_auto\" id=\"style-css-av-fn12i-b6e7847bdce1f0c72e9ecb9c4ec5b5f8\">\n.flex_column.av-fn12i-b6e7847bdce1f0c72e9ecb9c4ec5b5f8{\nborder-radius:0px 0px 0px 0px;\npadding:0px 0px 0px 0px;\n}\n<\/style>\n<div  class='flex_column av-fn12i-b6e7847bdce1f0c72e9ecb9c4ec5b5f8 av_one_third  avia-builder-el-4  el_after_av_two_third  el_before_av_one_full  flex_column_div av-zero-column-padding  '     ><style type=\"text\/css\" data-created_by=\"avia_inline_auto\" id=\"style-css-av-kthcqpa7-6cb4d31dd40571b1ded613aa80792068\">\n#top .hr.hr-invisible.av-kthcqpa7-6cb4d31dd40571b1ded613aa80792068{\nheight:20px;\n}\n<\/style>\n<div  class='hr av-kthcqpa7-6cb4d31dd40571b1ded613aa80792068 hr-invisible  avia-builder-el-5  avia-builder-el-no-sibling '><span class='hr-inner '><span class=\"hr-inner-style\"><\/span><\/span><\/div><\/div>\n<style type=\"text\/css\" data-created_by=\"avia_inline_auto\" id=\"style-css-av-ay7wq-c104a36afb9c1c42e445009c9c61380d\">\n.flex_column.av-ay7wq-c104a36afb9c1c42e445009c9c61380d{\nborder-radius:0px 0px 0px 0px;\npadding:0px 0px 0px 0px;\n}\n<\/style>\n<div  class='flex_column av-ay7wq-c104a36afb9c1c42e445009c9c61380d av_one_full  avia-builder-el-6  el_after_av_one_third  avia-builder-el-last  first flex_column_div av-zero-column-padding  column-top-margin'     ><section  class='av_textblock_section av-kd3glxa1-278439855b147618e591e7e2b9138072 '   itemscope=\"itemscope\" itemtype=\"https:\/\/schema.org\/CreativeWork\" ><div class='avia_textblock'  itemprop=\"text\" ><p>Huvudbild: Nikolai Ylirotu<\/p>\n<\/div><\/section><\/div><\/p>\n","protected":false},"excerpt":{"rendered":"","protected":false},"author":5,"featured_media":1417,"parent":135,"menu_order":2,"comment_status":"closed","ping_status":"closed","template":"","meta":{"footnotes":""},"class_list":["post-1722","page","type-page","status-publish","has-post-thumbnail","hentry"],"_links":{"self":[{"href":"https:\/\/urlus.fi\/index.php\/wp-json\/wp\/v2\/pages\/1722","targetHints":{"allow":["GET"]}}],"collection":[{"href":"https:\/\/urlus.fi\/index.php\/wp-json\/wp\/v2\/pages"}],"about":[{"href":"https:\/\/urlus.fi\/index.php\/wp-json\/wp\/v2\/types\/page"}],"author":[{"embeddable":true,"href":"https:\/\/urlus.fi\/index.php\/wp-json\/wp\/v2\/users\/5"}],"replies":[{"embeddable":true,"href":"https:\/\/urlus.fi\/index.php\/wp-json\/wp\/v2\/comments?post=1722"}],"version-history":[{"count":3,"href":"https:\/\/urlus.fi\/index.php\/wp-json\/wp\/v2\/pages\/1722\/revisions"}],"predecessor-version":[{"id":1737,"href":"https:\/\/urlus.fi\/index.php\/wp-json\/wp\/v2\/pages\/1722\/revisions\/1737"}],"up":[{"embeddable":true,"href":"https:\/\/urlus.fi\/index.php\/wp-json\/wp\/v2\/pages\/135"}],"wp:featuredmedia":[{"embeddable":true,"href":"https:\/\/urlus.fi\/index.php\/wp-json\/wp\/v2\/media\/1417"}],"wp:attachment":[{"href":"https:\/\/urlus.fi\/index.php\/wp-json\/wp\/v2\/media?parent=1722"}],"curies":[{"name":"wp","href":"https:\/\/api.w.org\/{rel}","templated":true}]}}