{"id":1455,"date":"2023-09-25T13:03:48","date_gmt":"2023-09-25T13:03:48","guid":{"rendered":"https:\/\/urlus.fi\/?page_id=1455"},"modified":"2023-09-25T13:04:54","modified_gmt":"2023-09-25T13:04:54","slug":"tietosuojaohjeet","status":"publish","type":"page","link":"https:\/\/urlus.fi\/index.php\/etusivu-2\/tietosuojaohjeet\/","title":{"rendered":"Tietosuojaohjeet"},"content":{"rendered":"<div id='full_slider_1'  class='avia-fullwidth-slider main_color avia-shadow   avia-builder-el-0  el_before_av_heading  avia-builder-el-first   container_wrap sidebar_right'  ><div  class='avia-slideshow av-16ton-52c53f8246c4cd5d51894ae98176ec7e avia-slideshow-featured av_slideshow_full avia-slide-slider av-slideshow-ui av-control-default av-slideshow-manual av-loop-once av-loop-manual-endless av-default-height-applied   avia-slideshow-1' data-slideshow-options=\"{&quot;animation&quot;:&quot;slide&quot;,&quot;autoplay&quot;:false,&quot;loop_autoplay&quot;:&quot;once&quot;,&quot;interval&quot;:5,&quot;loop_manual&quot;:&quot;manual-endless&quot;,&quot;autoplay_stopper&quot;:false,&quot;noNavigation&quot;:false,&quot;bg_slider&quot;:false,&quot;keep_padding&quot;:false,&quot;hoverpause&quot;:false,&quot;show_slide_delay&quot;:0}\"  itemprop=\"image\" itemscope=\"itemscope\" itemtype=\"https:\/\/schema.org\/ImageObject\" ><ul class='avia-slideshow-inner ' style='padding-bottom: 28.666666666667%;'><li  class='avia-slideshow-slide av-16ton-52c53f8246c4cd5d51894ae98176ec7e__0  av-single-slide slide-1 slide-odd'><div data-rel='slideshow-1' class='avia-slide-wrap '   ><img fetchpriority=\"high\" class=\"wp-image-593 avia-img-lazy-loading-not-593\"  src='https:\/\/urlus.fi\/wp-content\/uploads\/2020\/09\/Urluksen_hallitus_tervehtii-1500x430.png' width='1500' height='430' title='Urluksen hallitus tervehtii' alt=''  itemprop=\"thumbnailUrl\"   \/><\/div><\/li><\/ul><\/div><\/div><div id='after_full_slider_1'  class='main_color av_default_container_wrap container_wrap sidebar_right'  ><div class='container av-section-cont-open' ><div class='template-page content  av-content-small alpha units'><div class='post-entry post-entry-type-page post-entry-1455'><div class='entry-content-wrapper clearfix'>\n\n<style type=\"text\/css\" data-created_by=\"avia_inline_auto\" id=\"style-css-av-av_heading-db1e7450b10aff88b6d3553d707b36ee\">\n#top .av-special-heading.av-av_heading-db1e7450b10aff88b6d3553d707b36ee{\npadding-bottom:10px;\n}\nbody .av-special-heading.av-av_heading-db1e7450b10aff88b6d3553d707b36ee .av-special-heading-tag .heading-char{\nfont-size:25px;\n}\n.av-special-heading.av-av_heading-db1e7450b10aff88b6d3553d707b36ee .av-subheading{\nfont-size:15px;\n}\n<\/style>\n<div  class='av-special-heading av-av_heading-db1e7450b10aff88b6d3553d707b36ee av-special-heading-h3  avia-builder-el-1  el_after_av_slideshow_full  el_before_av_textblock  avia-builder-el-first '><h3 class='av-special-heading-tag'  itemprop=\"headline\"  >Tietosuojaohjeet<\/h3><div class=\"special-heading-border\"><div class=\"special-heading-inner-border\"><\/div><\/div><\/div>\n<section  class='av_textblock_section av-kd3gsgzl-58fe3c0133379cb210003698a24ff1cc '   itemscope=\"itemscope\" itemtype=\"https:\/\/schema.org\/CreativeWork\" ><div class='avia_textblock'  itemprop=\"text\" ><p><em><strong>Urlus-S\u00e4\u00e4ti\u00f6 sr noudattaa EU:n tietosuoja-asetusta. S\u00e4\u00e4ti\u00f6n tietosuojatoimenpiteet on laadittu S\u00e4\u00e4ti\u00f6t ja Rahastot ry:n julkaiseman \u201dS\u00e4\u00e4ti\u00f6n hyv\u00e4 tiedonhallintatapa\u201d \u2013 ohjeistuksen mukaisesti (25.6.2019).<\/strong><\/em><\/p>\n<p>Tietosuojavaltuutetun mukaan apurahanhakijat voidaan katsoa s\u00e4\u00e4ti\u00f6n asiakkaiksi, joiden henkil\u00f6tietoja s\u00e4\u00e4ti\u00f6 voi k\u00e4sitell\u00e4 oikeutetun edun perusteella.<\/p>\n<p>S\u00e4\u00e4ti\u00f6 toimii avustusten k\u00e4sittelyn my\u00f6t\u00e4 syntyv\u00e4n henkil\u00f6rekisterin pit\u00e4j\u00e4n\u00e4 ja toimitusjohtaja tietosuojavastaavana. Henkil\u00f6tietoja k\u00e4sitell\u00e4\u00e4n vain avustushakemusten osalta v\u00e4ltt\u00e4m\u00e4tt\u00f6m\u00e4ss\u00e4 m\u00e4\u00e4rin eik\u00e4 niit\u00e4 anneta Urlus-S\u00e4\u00e4ti\u00f6n ulkopuolelle.<\/p>\n<p>S\u00e4\u00e4ti\u00f6n avustusten hakijana on yhdistys tai muu yhteis\u00f6. Henkil\u00f6tietoja ker\u00e4t\u00e4\u00e4n vain v\u00e4ltt\u00e4m\u00e4tt\u00f6mien vastuu- ja yhteyshenkil\u00f6tietojen osalta.<\/p>\n<p>Henkil\u00f6tiedot ker\u00e4t\u00e4\u00e4n apurahoja jakavien s\u00e4\u00e4ti\u00f6iden ja rahastojen tietoj\u00e4rjestelm\u00e4-palveluihin erikoistuneen asiantuntijayrityksen Datalink Oy:n palvelimelle omaksi suojatuksi Urlus-tiedostoksi. Datalink Oy vastaa palvelutilojen suojauksesta.<\/p>\n<\/div><\/section>\n","protected":false},"excerpt":{"rendered":"","protected":false},"author":4,"featured_media":0,"parent":315,"menu_order":1,"comment_status":"closed","ping_status":"closed","template":"","meta":{"footnotes":""},"class_list":["post-1455","page","type-page","status-publish","hentry"],"_links":{"self":[{"href":"https:\/\/urlus.fi\/index.php\/wp-json\/wp\/v2\/pages\/1455","targetHints":{"allow":["GET"]}}],"collection":[{"href":"https:\/\/urlus.fi\/index.php\/wp-json\/wp\/v2\/pages"}],"about":[{"href":"https:\/\/urlus.fi\/index.php\/wp-json\/wp\/v2\/types\/page"}],"author":[{"embeddable":true,"href":"https:\/\/urlus.fi\/index.php\/wp-json\/wp\/v2\/users\/4"}],"replies":[{"embeddable":true,"href":"https:\/\/urlus.fi\/index.php\/wp-json\/wp\/v2\/comments?post=1455"}],"version-history":[{"count":4,"href":"https:\/\/urlus.fi\/index.php\/wp-json\/wp\/v2\/pages\/1455\/revisions"}],"predecessor-version":[{"id":1459,"href":"https:\/\/urlus.fi\/index.php\/wp-json\/wp\/v2\/pages\/1455\/revisions\/1459"}],"up":[{"embeddable":true,"href":"https:\/\/urlus.fi\/index.php\/wp-json\/wp\/v2\/pages\/315"}],"wp:attachment":[{"href":"https:\/\/urlus.fi\/index.php\/wp-json\/wp\/v2\/media?parent=1455"}],"curies":[{"name":"wp","href":"https:\/\/api.w.org\/{rel}","templated":true}]}}