{"id":1404,"date":"2024-03-08T00:00:37","date_gmt":"2024-03-08T00:00:37","guid":{"rendered":"https:\/\/urlus.fi\/?page_id=1404"},"modified":"2026-03-03T07:41:46","modified_gmt":"2026-03-03T07:41:46","slug":"saation-vuoden-2024-avustuspaatoksista","status":"publish","type":"page","link":"https:\/\/urlus.fi\/index.php\/ajankohtaista\/saation-vuoden-2024-avustuspaatoksista\/","title":{"rendered":"S\u00e4\u00e4ti\u00f6n vuoden 2024 avustusp\u00e4\u00e4t\u00f6ksist\u00e4"},"content":{"rendered":"<div id='full_slider_1'  class='avia-fullwidth-slider main_color avia-shadow   avia-builder-el-0  el_before_av_heading  avia-builder-el-first   container_wrap sidebar_right'  ><div  class='avia-slideshow av-16ton-52c53f8246c4cd5d51894ae98176ec7e avia-slideshow-featured av_slideshow_full avia-slide-slider av-slideshow-ui av-control-default av-slideshow-manual av-loop-once av-loop-manual-endless av-default-height-applied   avia-slideshow-1' data-slideshow-options=\"{&quot;animation&quot;:&quot;slide&quot;,&quot;autoplay&quot;:false,&quot;loop_autoplay&quot;:&quot;once&quot;,&quot;interval&quot;:5,&quot;loop_manual&quot;:&quot;manual-endless&quot;,&quot;autoplay_stopper&quot;:false,&quot;noNavigation&quot;:false,&quot;bg_slider&quot;:false,&quot;keep_padding&quot;:false,&quot;hoverpause&quot;:false,&quot;show_slide_delay&quot;:0}\"  itemprop=\"image\" itemscope=\"itemscope\" itemtype=\"https:\/\/schema.org\/ImageObject\" ><ul class='avia-slideshow-inner ' style='padding-bottom: 28.648648648649%;'><li  class='avia-slideshow-slide av-16ton-52c53f8246c4cd5d51894ae98176ec7e__0  av-single-slide slide-1 slide-odd'><div data-rel='slideshow-1' class='avia-slide-wrap '   ><img fetchpriority=\"high\" class=\"wp-image-1409 avia-img-lazy-loading-not-1409\"  src='https:\/\/urlus.fi\/wp-content\/uploads\/2023\/05\/urlus_katunakyma.jpg' width='1480' height='424' title='urlus_katunakyma' alt=''  itemprop=\"thumbnailUrl\"   \/><\/div><\/li><\/ul><\/div><\/div><div id='after_full_slider_1'  class='main_color av_default_container_wrap container_wrap sidebar_right'  ><div class='container av-section-cont-open' ><div class='template-page content  av-content-small alpha units'><div class='post-entry post-entry-type-page post-entry-1404'><div class='entry-content-wrapper clearfix'>\n\n<style type=\"text\/css\" data-created_by=\"avia_inline_auto\" id=\"style-css-av-2b92lo-fea902a7bd4fc1fc4452c1deae8ec103\">\n#top .av-special-heading.av-2b92lo-fea902a7bd4fc1fc4452c1deae8ec103{\npadding-bottom:10px;\n}\nbody .av-special-heading.av-2b92lo-fea902a7bd4fc1fc4452c1deae8ec103 .av-special-heading-tag .heading-char{\nfont-size:25px;\n}\n.av-special-heading.av-2b92lo-fea902a7bd4fc1fc4452c1deae8ec103 .av-subheading{\nfont-size:15px;\n}\n<\/style>\n<div  class='av-special-heading av-2b92lo-fea902a7bd4fc1fc4452c1deae8ec103 av-special-heading-h3  avia-builder-el-1  el_after_av_slideshow_full  el_before_av_hr  avia-builder-el-first '><h3 class='av-special-heading-tag'  itemprop=\"headline\"  >S\u00e4\u00e4ti\u00f6n vuoden 2024 avustusp\u00e4\u00e4t\u00f6ksist\u00e4<\/h3><div class=\"special-heading-border\"><div class=\"special-heading-inner-border\"><\/div><\/div><\/div>\n\n<style type=\"text\/css\" data-created_by=\"avia_inline_auto\" id=\"style-css-av-l3n1m91g-5ce10ec470c4d72286a58c0766f14b0f\">\n#top .hr.hr-invisible.av-l3n1m91g-5ce10ec470c4d72286a58c0766f14b0f{\nheight:50px;\n}\n<\/style>\n<div  class='hr av-l3n1m91g-5ce10ec470c4d72286a58c0766f14b0f hr-invisible  avia-builder-el-2  el_after_av_heading  el_before_av_two_third '><span class='hr-inner '><span class=\"hr-inner-style\"><\/span><\/span><\/div>\n\n<style type=\"text\/css\" data-created_by=\"avia_inline_auto\" id=\"style-css-av-ay7wq-c104a36afb9c1c42e445009c9c61380d\">\n.flex_column.av-ay7wq-c104a36afb9c1c42e445009c9c61380d{\nborder-radius:0px 0px 0px 0px;\npadding:0px 0px 0px 0px;\n}\n<\/style>\n<div  class='flex_column av-ay7wq-c104a36afb9c1c42e445009c9c61380d av_two_third  avia-builder-el-3  el_after_av_hr  el_before_av_one_third  first flex_column_div av-zero-column-padding  '     ><section  class='av_textblock_section av-kd3glxa1-d7f1f33f50f073e9b7f9940f2bcf372c '   itemscope=\"itemscope\" itemtype=\"https:\/\/schema.org\/CreativeWork\" ><div class='avia_textblock'  itemprop=\"text\" ><p><em><strong>S\u00e4\u00e4ti\u00f6n hallitus p\u00e4\u00e4tti my\u00f6nt\u00e4\u00e4 avustuksia yhteens\u00e4 2,7 miljoonaa euroa. Avustussumma on samalla tasolla kuin vuonna 2023. Tukea my\u00f6nnettiin 153 hakijalle. Hakijoista 45 % saa tukea.<\/strong><\/em><\/p>\n<p><strong>Hakuprosessista<\/strong><\/p>\n<p>S\u00e4\u00e4ti\u00f6 vastaanotti vuoden vaihteessa p\u00e4\u00e4ttyneell\u00e4 hakukierroksella enn\u00e4tysm\u00e4\u00e4r\u00e4n hakemuksia \u2013 kaikkiaan 337 kappaletta. Edellisell\u00e4 hakukierroksella hakemuksia saatiin 183 kappaletta. Kokonaisuutena hakemusm\u00e4\u00e4r\u00e4 kasvoi 84 %.<\/p>\n<p>Eniten kasvoivat liikunnan hakemukset, joita saatiin 217 kappaletta. Edellisell\u00e4 hakukerralla hakemuksia oli 89 kappaletta eli hakemusm\u00e4\u00e4r\u00e4 kasvoi 144 %.<\/p>\n<p>Hakemusten m\u00e4\u00e4r\u00e4 kasvoi my\u00f6s nuorisoty\u00f6n (kasvu 67 %) ja maanpuolustuksen osalta (76 %). Hakemuksissa haettu avustusten yhteissumma oli 6,8 miljoonaa euroa.<\/p>\n<p><strong>Avustusp\u00e4\u00e4t\u00f6ksist\u00e4<\/strong><\/p>\n<p>Eniten tukea kohdistettiin liikuntaan, johon my\u00f6nnettiin 1 055 000 euroa. T\u00e4m\u00e4 on 39 % koko avustussummasta. Liikunta nousi ensimm\u00e4ist\u00e4 kertaa suurimmaksi avustuskohteeksi. S\u00e4\u00e4ti\u00f6n hallitus nosti liikunnan saamaa tukea edellisvuodesta reilulla 100 000 eurolla. Liikunnan osalta on p\u00e4\u00e4t\u00f6ksiss\u00e4 priorisoitu lasten ja nuorten matalan kynnyksen harrastustoimintaa sek\u00e4 v\u00e4h\u00e4varaisten perheiden lasten ja nuorten harrastustoiminnan tukemista.<\/p>\n<p>Melkein sama m\u00e4\u00e4r\u00e4 tukea my\u00f6nnettiin maanpuolustukseen \u2013 1 035 000 euroa. Suurimman tuen saajat ovat Maanpuolustuksen Tuki, Helsingin Reserviupseeripiiri ja Helsingin seudun reservil\u00e4ispiiri. Lis\u00e4ksi s\u00e4\u00e4ti\u00f6 tukee vuosittain Puolustusvoimia ja Rajavartiolaitosta varusmiesten palkitsemisiin ja henkil\u00f6st\u00f6n opintoihin liittyen.<\/p>\n<p>Nuorisoty\u00f6h\u00f6n tukea my\u00f6nnettiin hieman vajaa 571 000 euroa. Nuorisoty\u00f6ss\u00e4 on priorisoitu syrj\u00e4ytymisen ennalta ehk\u00e4isev\u00e4\u00e4 ty\u00f6t\u00e4. S\u00e4\u00e4ti\u00f6 haluaa olla mukana ajankohtaisissa hankkeissa, joilla rakennetaan parempaa ja turvallisempaa Suomea.<\/p>\n<p>Lis\u00e4ksi s\u00e4\u00e4ti\u00f6 on perinteisesti tukenut p\u00e4\u00e4kaupunkiseudun veteraanity\u00f6t\u00e4.<\/p>\n<p>S\u00e4\u00e4ti\u00f6 l\u00e4hett\u00e4\u00e4 avustusp\u00e4\u00e4t\u00f6kset hakijoille seuraavien kahden viikon aikana. P\u00e4\u00e4t\u00f6ksess\u00e4 annetaan ohjeet my\u00f6nteisen tukip\u00e4\u00e4t\u00f6ksen saaneille maksatustietojen ilmoittamisesta.<\/p>\n<p>S\u00e4\u00e4ti\u00f6 julkaisee huhtikuussa www-sivuillaan 5 000 euroa tai enemm\u00e4n saaneet hakijat ja avustuksen p\u00e4\u00e4tarkoituksen.<\/p>\n<p><strong>Seuraava haku<\/strong><\/p>\n<p>T\u00e4m\u00e4n vuoden haun aikana seurattiin my\u00f6s p\u00e4ivitt\u00e4in hakemusm\u00e4\u00e4r\u00e4n kehittymist\u00e4. T\u00e4st\u00e4 syyst\u00e4 s\u00e4\u00e4ti\u00f6 on p\u00e4\u00e4tt\u00e4nyt lyhent\u00e4\u00e4 hakuaikaa alkup\u00e4\u00e4st\u00e4. Vuoden 2025 avustusten hakuaika on 15.11. \u2013 31.12.2024.<\/p>\n<p><strong>Tiedoksi<\/strong><\/p>\n<p>Yleist\u00e4 ohjausta avustuksista l\u00f6yd\u00e4t kohdasta <strong><a href=\"https:\/\/urlus.fi\/index.php\/avustustietoa-mista-miten-ja-koska\/hakemusten-kasittely\/\">avustustietoa<\/a><\/strong>. Samoin hakemusten k\u00e4sittely\u00e4 on avattu <strong><a href=\"https:\/\/urlus.fi\/index.php\/hakuohjeet\/\">hakuohjeet<\/a><\/strong> kohdassa.<\/p>\n<\/div><\/section><\/div>\n<style type=\"text\/css\" data-created_by=\"avia_inline_auto\" id=\"style-css-av-1uosct-db9e4db720f1c5b3ca2de655740149fe\">\n.flex_column.av-1uosct-db9e4db720f1c5b3ca2de655740149fe{\nborder-radius:0px 0px 0px 0px;\npadding:0px 0px 0px 0px;\n}\n<\/style>\n<div  class='flex_column av-1uosct-db9e4db720f1c5b3ca2de655740149fe av_one_third  avia-builder-el-5  el_after_av_two_third  el_before_av_one_full  flex_column_div av-zero-column-padding  '     ><\/div><\/p>\n\n<style type=\"text\/css\" data-created_by=\"avia_inline_auto\" id=\"style-css-av-ay7wq-2-c6884a403de0e7231960d0b5d368cf52\">\n.flex_column.av-ay7wq-2-c6884a403de0e7231960d0b5d368cf52{\nborder-radius:0px 0px 0px 0px;\npadding:0px 0px 0px 0px;\n}\n<\/style>\n<div  class='flex_column av-ay7wq-2-c6884a403de0e7231960d0b5d368cf52 av_one_full  avia-builder-el-6  el_after_av_one_third  avia-builder-el-last  first flex_column_div av-zero-column-padding  column-top-margin'     ><section  class='av_textblock_section av-kd3glxa1-1-3b711b1e38a7648f9428641360ab1ad4 '   itemscope=\"itemscope\" itemtype=\"https:\/\/schema.org\/CreativeWork\" ><div class='avia_textblock'  itemprop=\"text\" ><p>P\u00e4\u00e4kuva: Nikolai Ylirotu<\/p>\n<\/div><\/section><\/div>\n","protected":false},"excerpt":{"rendered":"","protected":false},"author":4,"featured_media":1417,"parent":47,"menu_order":3,"comment_status":"closed","ping_status":"closed","template":"","meta":{"footnotes":""},"class_list":["post-1404","page","type-page","status-publish","has-post-thumbnail","hentry"],"_links":{"self":[{"href":"https:\/\/urlus.fi\/index.php\/wp-json\/wp\/v2\/pages\/1404","targetHints":{"allow":["GET"]}}],"collection":[{"href":"https:\/\/urlus.fi\/index.php\/wp-json\/wp\/v2\/pages"}],"about":[{"href":"https:\/\/urlus.fi\/index.php\/wp-json\/wp\/v2\/types\/page"}],"author":[{"embeddable":true,"href":"https:\/\/urlus.fi\/index.php\/wp-json\/wp\/v2\/users\/4"}],"replies":[{"embeddable":true,"href":"https:\/\/urlus.fi\/index.php\/wp-json\/wp\/v2\/comments?post=1404"}],"version-history":[{"count":13,"href":"https:\/\/urlus.fi\/index.php\/wp-json\/wp\/v2\/pages\/1404\/revisions"}],"predecessor-version":[{"id":1736,"href":"https:\/\/urlus.fi\/index.php\/wp-json\/wp\/v2\/pages\/1404\/revisions\/1736"}],"up":[{"embeddable":true,"href":"https:\/\/urlus.fi\/index.php\/wp-json\/wp\/v2\/pages\/47"}],"wp:featuredmedia":[{"embeddable":true,"href":"https:\/\/urlus.fi\/index.php\/wp-json\/wp\/v2\/media\/1417"}],"wp:attachment":[{"href":"https:\/\/urlus.fi\/index.php\/wp-json\/wp\/v2\/media?parent=1404"}],"curies":[{"name":"wp","href":"https:\/\/api.w.org\/{rel}","templated":true}]}}