{"id":139,"date":"2020-07-27T10:10:41","date_gmt":"2020-07-27T10:10:41","guid":{"rendered":"http:\/\/urlus.fi\/?page_id=139"},"modified":"2021-11-29T22:38:26","modified_gmt":"2021-11-29T22:38:26","slug":"4-4-stiftelsens-foregaende-ar-var-utmarkt","status":"publish","type":"page","link":"https:\/\/urlus.fi\/index.php\/sv\/aktuelt\/4-4-stiftelsens-foregaende-ar-var-utmarkt\/","title":{"rendered":"Stiftelsens f\u00f6reg\u00e5ende \u00e5r var utm\u00e4rkt"},"content":{"rendered":"<div id='full_slider_1'  class='avia-fullwidth-slider main_color avia-shadow   avia-builder-el-0  el_before_av_heading  avia-builder-el-first   container_wrap sidebar_right'  ><div  class='avia-slideshow av-16ton-52c53f8246c4cd5d51894ae98176ec7e avia-slideshow-featured av_slideshow_full avia-slide-slider av-slideshow-ui av-control-default av-slideshow-manual av-loop-once av-loop-manual-endless av-default-height-applied   avia-slideshow-1' data-slideshow-options=\"{&quot;animation&quot;:&quot;slide&quot;,&quot;autoplay&quot;:false,&quot;loop_autoplay&quot;:&quot;once&quot;,&quot;interval&quot;:5,&quot;loop_manual&quot;:&quot;manual-endless&quot;,&quot;autoplay_stopper&quot;:false,&quot;noNavigation&quot;:false,&quot;bg_slider&quot;:false,&quot;keep_padding&quot;:false,&quot;hoverpause&quot;:false,&quot;show_slide_delay&quot;:0}\"  itemprop=\"image\" itemscope=\"itemscope\" itemtype=\"https:\/\/schema.org\/ImageObject\" ><ul class='avia-slideshow-inner ' style='padding-bottom: 28.666666666667%;'><li  class='avia-slideshow-slide av-16ton-52c53f8246c4cd5d51894ae98176ec7e__0  av-single-slide slide-1 slide-odd'><div data-rel='slideshow-1' class='avia-slide-wrap '   ><img fetchpriority=\"high\" class=\"wp-image-451 avia-img-lazy-loading-not-451\"  src='https:\/\/urlus.fi\/wp-content\/uploads\/2020\/08\/ots_viimevuosi-1500x430.png' width='1500' height='430' title='' alt=''  itemprop=\"thumbnailUrl\"   \/><\/div><\/li><\/ul><\/div><\/div><div id='after_full_slider_1'  class='main_color av_default_container_wrap container_wrap sidebar_right'  ><div class='container av-section-cont-open' ><div class='template-page content  av-content-small alpha units'><div class='post-entry post-entry-type-page post-entry-139'><div class='entry-content-wrapper clearfix'>\n\n<style type=\"text\/css\" data-created_by=\"avia_inline_auto\" id=\"style-css-av-av_heading-98a4740bf608e1192a132cf5bc2553f7\">\n#top .av-special-heading.av-av_heading-98a4740bf608e1192a132cf5bc2553f7{\npadding-bottom:10px;\n}\nbody .av-special-heading.av-av_heading-98a4740bf608e1192a132cf5bc2553f7 .av-special-heading-tag .heading-char{\nfont-size:25px;\n}\n.av-special-heading.av-av_heading-98a4740bf608e1192a132cf5bc2553f7 .av-subheading{\nfont-size:15px;\n}\n<\/style>\n<div  class='av-special-heading av-av_heading-98a4740bf608e1192a132cf5bc2553f7 av-special-heading-h3  avia-builder-el-1  el_after_av_slideshow_full  el_before_av_textblock  avia-builder-el-first '><h3 class='av-special-heading-tag'  itemprop=\"headline\"  >Stiftelsens f\u00f6reg\u00e5ende \u00e5r var utm\u00e4rkt<\/h3><div class=\"special-heading-border\"><div class=\"special-heading-inner-border\"><\/div><\/div><\/div>\n<section  class='av_textblock_section av-kd4copuv-08b71ab871dbce48bc63be12d83d048f '   itemscope=\"itemscope\" itemtype=\"https:\/\/schema.org\/CreativeWork\" ><div class='avia_textblock'  itemprop=\"text\" ><p>\u00c5r 2019 var Stiftelsens sextio\u00e5ttonde \u00e5r och var rekordartat b\u00e5de vad g\u00e4ller underst\u00f6dsverksamheten och resultatet. Stiftelsens positiva resultat utgjordes huvudsakligen av f\u00f6rs\u00e4ljningsvinster f\u00f6r v\u00e4rdepapper och bostadsaktier samt av utdelningar och hyresint\u00e4kter.<\/p>\n<p><strong>Underst\u00f6d och pris<\/strong><\/p>\n<p>Stiftelsen utdelade sammanlagt 1,63 miljoner euro i underst\u00f6d och pris, eller 8\u00a0% mer \u00e4n \u00e5ret innan. Andelen andra kostnader \u00e4n underst\u00f6d uppgick till under 10\u00a0% av alla kostnader.<\/p>\n<p>\u00c5r 2019 inkom 102 ans\u00f6kningar (\u00e5r 2018 82\u00a0st), av vilka 90 godk\u00e4ndes helt eller delvis (\u00e5r 2018 80\u00a0st). Ungef\u00e4r h\u00e4lften av underst\u00f6den g\u00e4llde f\u00f6rsvaret och h\u00e4lften ungdoms- och idrottsarbete. S\u00e4rtemat f\u00f6r 2019 var KAMU (Kannusta Kaveri Mukaan &#8211; f\u00e5 med dig din kompis), d\u00e4r man st\u00f6dde f\u00f6reningar som motarbetar marginalisering av ungdom och barn.<\/p>\n<p>Liksom tidigare \u00e5r gick de st\u00f6rsta underst\u00f6den till P\u00e4\u00e4kaupunkiseudun Partiolaiset, Helsingfors Reservofficersdistrikt, Helsingfors Reservistdistrikt och Suomen Ampumahiihtoliitto samt nykomlingarna Kyrksl\u00e4tt Skyttef\u00f6rening och i anslutning till KAMU-temat Lasten ja Nuorten S\u00e4\u00e4ti\u00f6 och Non Fighting Generation.<\/p>\n<p>Dessutom st\u00f6dde Stiftelsen med Urlus-pris om sammanlagt 80\u00a0000\u00a0euro fyra f\u00f6reningar i huvudstadsregionen som utf\u00f6r ett f\u00f6rtj\u00e4nstfullt arbete f\u00f6r att motarbeta utslagning.<\/p>\n<p><strong>Stiftelsens verksamhet utvecklades<\/strong><\/p>\n<p>Skyddsk\u00e5rshusets f\u00f6rsvarssamfund fick under \u00e5ret igen en ny medlemsf\u00f6rening, n\u00e4r Finlands Fredsbevararf\u00f6rbund flyttade in i de av Stiftelsen \u00f6verl\u00e5tna lokalerna. Hyresst\u00f6det till totalt \u00f6ver tjugo frivilliga f\u00f6rsvarssamfund fr\u00e5n huvudstadsregionen och \u00f6vriga Finland uppg\u00e5r, skjutbanan inber\u00e4knad, \u00e5rligen till 270\u00a0000\u00a0euro.<\/p>\n<p>Stiftelsens styrelse genomf\u00f6rde planm\u00e4ssigt Stiftelsens strategi, d\u00e4r den viktigaste m\u00e5ls\u00e4ttningen vid sidan av en stabil underst\u00f6dsverksamhet var en minskning av den relativa andel av egendomen som utg\u00f6rs av fastigheter och bostadsaktier och en \u00f6kning av den andel som utg\u00f6rs av aktier och fonder.<\/p>\n<p>I underst\u00f6dsverksamheten st\u00e4rktes st\u00f6det till s\u00e4rskilt det fysiska och psykiska v\u00e4lbefinnandet hos barn och unga. Systemet f\u00f6r ans\u00f6kan om underst\u00f6d av Stiftelsen vidareutvecklades. Under verksamhets\u00e5ret f\u00e4stes ocks\u00e5 s\u00e4rskild vikt vid den effekt underst\u00f6dsobjekten hade. Kartl\u00e4ggningen av potentiella underst\u00f6dsobjekt fortsatte.<\/p>\n<\/div><\/section>\n","protected":false},"excerpt":{"rendered":"","protected":false},"author":4,"featured_media":0,"parent":135,"menu_order":8,"comment_status":"closed","ping_status":"closed","template":"","meta":{"footnotes":""},"class_list":["post-139","page","type-page","status-publish","hentry"],"_links":{"self":[{"href":"https:\/\/urlus.fi\/index.php\/wp-json\/wp\/v2\/pages\/139","targetHints":{"allow":["GET"]}}],"collection":[{"href":"https:\/\/urlus.fi\/index.php\/wp-json\/wp\/v2\/pages"}],"about":[{"href":"https:\/\/urlus.fi\/index.php\/wp-json\/wp\/v2\/types\/page"}],"author":[{"embeddable":true,"href":"https:\/\/urlus.fi\/index.php\/wp-json\/wp\/v2\/users\/4"}],"replies":[{"embeddable":true,"href":"https:\/\/urlus.fi\/index.php\/wp-json\/wp\/v2\/comments?post=139"}],"version-history":[{"count":7,"href":"https:\/\/urlus.fi\/index.php\/wp-json\/wp\/v2\/pages\/139\/revisions"}],"predecessor-version":[{"id":534,"href":"https:\/\/urlus.fi\/index.php\/wp-json\/wp\/v2\/pages\/139\/revisions\/534"}],"up":[{"embeddable":true,"href":"https:\/\/urlus.fi\/index.php\/wp-json\/wp\/v2\/pages\/135"}],"wp:attachment":[{"href":"https:\/\/urlus.fi\/index.php\/wp-json\/wp\/v2\/media?parent=139"}],"curies":[{"name":"wp","href":"https:\/\/api.w.org\/{rel}","templated":true}]}}