{"id":1236,"date":"2022-09-13T14:49:32","date_gmt":"2022-09-13T14:49:32","guid":{"rendered":"http:\/\/urlus.fi\/?page_id=1236"},"modified":"2022-12-21T19:57:58","modified_gmt":"2022-12-21T19:57:58","slug":"ansokningssystemet-for-stiftelsens-bidrag-for-nasta-ar-oppnas-den-1-oktober-2022","status":"publish","type":"page","link":"https:\/\/urlus.fi\/index.php\/sv\/aktuelt\/ansokningssystemet-for-stiftelsens-bidrag-for-nasta-ar-oppnas-den-1-oktober-2022\/","title":{"rendered":"Ans\u00f6kningssystemet f\u00f6r stiftelsens bidrag f\u00f6r n\u00e4sta \u00e5r \u00f6ppnas den 1 oktober 2022"},"content":{"rendered":"<div id='full_slider_1'  class='avia-fullwidth-slider main_color avia-shadow   avia-builder-el-0  el_before_av_heading  avia-builder-el-first   container_wrap sidebar_right'  ><div  class='avia-slideshow av-16ton-52c53f8246c4cd5d51894ae98176ec7e avia-slideshow-featured av_slideshow_full avia-slide-slider av-slideshow-ui av-control-default av-slideshow-manual av-loop-once av-loop-manual-endless av-default-height-applied   avia-slideshow-1' data-slideshow-options=\"{&quot;animation&quot;:&quot;slide&quot;,&quot;autoplay&quot;:false,&quot;loop_autoplay&quot;:&quot;once&quot;,&quot;interval&quot;:5,&quot;loop_manual&quot;:&quot;manual-endless&quot;,&quot;autoplay_stopper&quot;:false,&quot;noNavigation&quot;:false,&quot;bg_slider&quot;:false,&quot;keep_padding&quot;:false,&quot;hoverpause&quot;:false,&quot;show_slide_delay&quot;:0}\"  itemprop=\"image\" itemscope=\"itemscope\" itemtype=\"https:\/\/schema.org\/ImageObject\" ><ul class='avia-slideshow-inner ' style='padding-bottom: 28.666666666667%;'><li  class='avia-slideshow-slide av-16ton-52c53f8246c4cd5d51894ae98176ec7e__0  av-single-slide slide-1 slide-odd'><div data-rel='slideshow-1' class='avia-slide-wrap '   ><img fetchpriority=\"high\" class=\"wp-image-1005 avia-img-lazy-loading-not-1005\"  src='https:\/\/urlus.fi\/wp-content\/uploads\/2022\/01\/otsake-01-22_c-1500x430.png' width='1500' height='430' title='otsake-01-22_c' alt=''  itemprop=\"thumbnailUrl\"   \/><\/div><\/li><\/ul><\/div><\/div><div id='after_full_slider_1'  class='main_color av_default_container_wrap container_wrap sidebar_right'  ><div class='container av-section-cont-open' ><div class='template-page content  av-content-small alpha units'><div class='post-entry post-entry-type-page post-entry-1236'><div class='entry-content-wrapper clearfix'>\n\n<style type=\"text\/css\" data-created_by=\"avia_inline_auto\" id=\"style-css-av-av_heading-e207fdf740811dbe2f48e11134ccb900\">\n#top .av-special-heading.av-av_heading-e207fdf740811dbe2f48e11134ccb900{\npadding-bottom:10px;\n}\nbody .av-special-heading.av-av_heading-e207fdf740811dbe2f48e11134ccb900 .av-special-heading-tag .heading-char{\nfont-size:25px;\n}\n.av-special-heading.av-av_heading-e207fdf740811dbe2f48e11134ccb900 .av-subheading{\nfont-size:15px;\n}\n<\/style>\n<div  class='av-special-heading av-av_heading-e207fdf740811dbe2f48e11134ccb900 av-special-heading-h3  avia-builder-el-1  el_after_av_slideshow_full  el_before_av_hr  avia-builder-el-first '><h3 class='av-special-heading-tag'  itemprop=\"headline\"  >Ans\u00f6kningssystemet f\u00f6r stiftelsens bidrag f\u00f6r n\u00e4sta \u00e5r \u00f6ppnas den 1 oktober 2022<\/h3><div class=\"special-heading-border\"><div class=\"special-heading-inner-border\"><\/div><\/div><\/div>\n\n<style type=\"text\/css\" data-created_by=\"avia_inline_auto\" id=\"style-css-av-l3n1m91g-5ce10ec470c4d72286a58c0766f14b0f\">\n#top .hr.hr-invisible.av-l3n1m91g-5ce10ec470c4d72286a58c0766f14b0f{\nheight:50px;\n}\n<\/style>\n<div  class='hr av-l3n1m91g-5ce10ec470c4d72286a58c0766f14b0f hr-invisible  avia-builder-el-2  el_after_av_heading  el_before_av_two_third '><span class='hr-inner '><span class=\"hr-inner-style\"><\/span><\/span><\/div>\n\n<style type=\"text\/css\" data-created_by=\"avia_inline_auto\" id=\"style-css-av-ay7wq-c104a36afb9c1c42e445009c9c61380d\">\n.flex_column.av-ay7wq-c104a36afb9c1c42e445009c9c61380d{\nborder-radius:0px 0px 0px 0px;\npadding:0px 0px 0px 0px;\n}\n<\/style>\n<div  class='flex_column av-ay7wq-c104a36afb9c1c42e445009c9c61380d av_two_third  avia-builder-el-3  el_after_av_hr  el_before_av_one_third  first flex_column_div av-zero-column-padding  '     ><section  class='av_textblock_section av-kd3glxa1-278439855b147618e591e7e2b9138072 '   itemscope=\"itemscope\" itemtype=\"https:\/\/schema.org\/CreativeWork\" ><div class='avia_textblock'  itemprop=\"text\" ><p>F\u00f6r ett \u00e5r sedan levde vi p\u00e5 m\u00e5nga s\u00e4tt i medvind, det verkade som att \u00e4ven coronaviruset var en er\u00f6vrad sjukdom tack vare vaccinationerna, och utsikterna f\u00f6r ekonomin var mycket positiva. P\u00e5 Urlus hemsida b\u00f6rjade detta motsvarande pressmeddelande h\u00f6sten 2021 enligt f\u00f6ljande: &#8221;Urlus ekonomiska m\u00f6jligheter att st\u00f6dja enheter och verksamheter i enlighet med Urlus regler har f\u00f6rb\u00e4ttrats \u00e4nnu mer.&#8221;<\/p>\n<p><strong>\u00c5ren \u00e4r inte likadana<\/strong><\/p>\n<p>Den globala situationen p\u00e5verkar ocks\u00e5 stiftelser. Vi har upplevt ganska m\u00e5nga omv\u00e4lvningar de senaste \u00e5ren. Vi blev trots allt inte av med coronapandemin n\u00e4r Ryssland attackerade Ukraina. Dessa, tillsammans med annan os\u00e4ker utveckling, har orsakat och orsakar en hel del utmaningar b\u00e5de globalt och i olika delar av v\u00e5rt samh\u00e4lle. Inte ens stiftelser har varit s\u00e4kra fr\u00e5n konsekvenserna av f\u00f6r\u00e4ndringarna.<\/p>\n<p>P\u00e5 l\u00e4ngre sikt har stiftelsernas m\u00f6jligheter att st\u00f6dja och bist\u00e5 enheter och akt\u00f6rer i enlighet med sina regler fr\u00e4mst varit beroende av utvecklingen av innehavet av aktier, fonder och fastigheter. Utvecklingen var exceptionellt positiv i flera \u00e5r fram till b\u00f6rjan av coronapandemin. Efter en kortvarig svacka, fortsatte utvecklingen att vara positiv tills Ryssland b\u00f6rjade med anfallskriget i Ukraina.<\/p>\n<p>Urlus egendom har inte heller l\u00e4mnats utanf\u00f6r ovan n\u00e4mnda effekter, men stiftelsen har klarat av tumulten b\u00e4ttre \u00e4n vanligt. Stiftelsens styrelse har linjerat att den negativa ekonomiska utvecklingen inte kommer n\u00e4mnv\u00e4rt att p\u00e5verka Urlus bidragsbelopp.<\/p>\n<p><strong>Behovet av st\u00f6d v\u00e4xer<\/strong><\/p>\n<p>De underst\u00f6dda enheternas behov av ekonomiskt st\u00f6d har \u00f6kat p\u00e5 grund av bl.a. statens och kommunernas minskande st\u00f6dm\u00f6jligheter, minskningen av antalet frivilliga, dyrare projekt och f\u00f6reningarnas behov av att se \u00f6ver gamla verksamhetsmetoder.<\/p>\n<p>I denna utmanande situation vill Urlus stiftelsens styrelse uppmuntra s\u00f6kande att vara aktiva och utveckla sin verksamhet. Stiftelsen vill s\u00e4rskilt uppmuntra frivilliga nationella f\u00f6rsvarsoperat\u00f6rer och idrottsf\u00f6reningar samt andra aktiva och de som arbetar med ungdomar att modigt f\u00f6rbereda motiverade och innovativa ans\u00f6kningar. Stiftelsens fokus ligger s\u00e4rskilt p\u00e5 tydliga och konkreta fler\u00e5riga projekt vars effektivitet \u00e4r betydande och best\u00e5ende.<\/p>\n<p><strong>Du kan ans\u00f6ka om n\u00e4sta \u00e5rs bidrag fram till slutet av december i \u00e5r. Du hittar mer detaljerade information i avsnittet om applikationsinstruktioner p\u00e5 v\u00e5r webbsida.<\/strong><\/p>\n<p>Kommande st\u00f6dans\u00f6kningar behandlas under ledning av stiftelsens nya vd, Mika Piiroinen. Mika b\u00f6rjar i Urlus i b\u00f6rjan av oktober och tar operativt ansvar i b\u00f6rjan av n\u00e4sta \u00e5r. Den nuvarande ombudsman gick i pension den f\u00f6rsta maj.<\/p>\n<p><strong>Ans\u00f6k g\u00e4rna!<\/strong><\/p>\n<div id=\"malwarebytes-root\"><\/div>\n<\/div><\/section><\/div>\n\n<style type=\"text\/css\" data-created_by=\"avia_inline_auto\" id=\"style-css-av-1uosct-db9e4db720f1c5b3ca2de655740149fe\">\n.flex_column.av-1uosct-db9e4db720f1c5b3ca2de655740149fe{\nborder-radius:0px 0px 0px 0px;\npadding:0px 0px 0px 0px;\n}\n<\/style>\n<div  class='flex_column av-1uosct-db9e4db720f1c5b3ca2de655740149fe av_one_third  avia-builder-el-5  el_after_av_two_third  el_before_av_one_full  flex_column_div av-zero-column-padding  '     ><section  class='av_textblock_section av-l3mzjx6y-3fc720c149ad3b6a9edc3d80f09c9eba '   itemscope=\"itemscope\" itemtype=\"https:\/\/schema.org\/CreativeWork\" ><div class='avia_textblock'  itemprop=\"text\" ><p><img loading=\"lazy\" decoding=\"async\" class=\"alignnone wp-image-1234 size-full\" src=\"https:\/\/urlus.fi\/wp-content\/uploads\/2022\/09\/urlus_09_kuvituskuva.jpg\" alt=\"\" width=\"591\" height=\"665\" srcset=\"https:\/\/urlus.fi\/wp-content\/uploads\/2022\/09\/urlus_09_kuvituskuva.jpg 591w, https:\/\/urlus.fi\/wp-content\/uploads\/2022\/09\/urlus_09_kuvituskuva-107x120.jpg 107w\" sizes=\"auto, (max-width: 591px) 100vw, 591px\" \/><\/p>\n<\/div><\/section><\/div>\n\n<style type=\"text\/css\" data-created_by=\"avia_inline_auto\" id=\"style-css-av-ay7wq-c104a36afb9c1c42e445009c9c61380d\">\n.flex_column.av-ay7wq-c104a36afb9c1c42e445009c9c61380d{\nborder-radius:0px 0px 0px 0px;\npadding:0px 0px 0px 0px;\n}\n<\/style>\n<div  class='flex_column av-ay7wq-c104a36afb9c1c42e445009c9c61380d av_one_full  avia-builder-el-7  el_after_av_one_third  avia-builder-el-last  first flex_column_div av-zero-column-padding  column-top-margin'     ><section  class='av_textblock_section av-kd3glxa1-278439855b147618e591e7e2b9138072 '   itemscope=\"itemscope\" itemtype=\"https:\/\/schema.org\/CreativeWork\" ><div class='avia_textblock'  itemprop=\"text\" ><p>Huvudbild: Urlus<br \/>\nBild: Urlus<\/p>\n<\/div><\/section><\/div>\n","protected":false},"excerpt":{"rendered":"","protected":false},"author":4,"featured_media":0,"parent":135,"menu_order":1,"comment_status":"closed","ping_status":"closed","template":"","meta":{"footnotes":""},"class_list":["post-1236","page","type-page","status-publish","hentry"],"_links":{"self":[{"href":"https:\/\/urlus.fi\/index.php\/wp-json\/wp\/v2\/pages\/1236","targetHints":{"allow":["GET"]}}],"collection":[{"href":"https:\/\/urlus.fi\/index.php\/wp-json\/wp\/v2\/pages"}],"about":[{"href":"https:\/\/urlus.fi\/index.php\/wp-json\/wp\/v2\/types\/page"}],"author":[{"embeddable":true,"href":"https:\/\/urlus.fi\/index.php\/wp-json\/wp\/v2\/users\/4"}],"replies":[{"embeddable":true,"href":"https:\/\/urlus.fi\/index.php\/wp-json\/wp\/v2\/comments?post=1236"}],"version-history":[{"count":4,"href":"https:\/\/urlus.fi\/index.php\/wp-json\/wp\/v2\/pages\/1236\/revisions"}],"predecessor-version":[{"id":1242,"href":"https:\/\/urlus.fi\/index.php\/wp-json\/wp\/v2\/pages\/1236\/revisions\/1242"}],"up":[{"embeddable":true,"href":"https:\/\/urlus.fi\/index.php\/wp-json\/wp\/v2\/pages\/135"}],"wp:attachment":[{"href":"https:\/\/urlus.fi\/index.php\/wp-json\/wp\/v2\/media?parent=1236"}],"curies":[{"name":"wp","href":"https:\/\/api.w.org\/{rel}","templated":true}]}}