{"id":1149,"date":"2022-05-26T20:35:01","date_gmt":"2022-05-26T20:35:01","guid":{"rendered":"http:\/\/urlus.fi\/?page_id=1149"},"modified":"2023-05-21T15:10:44","modified_gmt":"2023-05-21T15:10:44","slug":"urluksen-asiamies-vaihtuu-toimitusjohtajaksi-tehtavaan-valittiin-mika-piiroinen","status":"publish","type":"page","link":"https:\/\/urlus.fi\/index.php\/ajankohtaista\/urluksen-asiamies-vaihtuu-toimitusjohtajaksi-tehtavaan-valittiin-mika-piiroinen\/","title":{"rendered":"Urluksen asiamies vaihtuu toimitusjohtajaksi"},"content":{"rendered":"<div id='full_slider_1'  class='avia-fullwidth-slider main_color avia-shadow   avia-builder-el-0  el_before_av_heading  avia-builder-el-first   container_wrap sidebar_right'  ><div  class='avia-slideshow av-16ton-52c53f8246c4cd5d51894ae98176ec7e avia-slideshow-featured av_slideshow_full avia-slide-slider av-slideshow-ui av-control-default av-slideshow-manual av-loop-once av-loop-manual-endless av-default-height-applied   avia-slideshow-1' data-slideshow-options=\"{&quot;animation&quot;:&quot;slide&quot;,&quot;autoplay&quot;:false,&quot;loop_autoplay&quot;:&quot;once&quot;,&quot;interval&quot;:5,&quot;loop_manual&quot;:&quot;manual-endless&quot;,&quot;autoplay_stopper&quot;:false,&quot;noNavigation&quot;:false,&quot;bg_slider&quot;:false,&quot;keep_padding&quot;:false,&quot;hoverpause&quot;:false,&quot;show_slide_delay&quot;:0}\"  itemprop=\"image\" itemscope=\"itemscope\" itemtype=\"https:\/\/schema.org\/ImageObject\" ><ul class='avia-slideshow-inner ' style='padding-bottom: 28.666666666667%;'><li  class='avia-slideshow-slide av-16ton-52c53f8246c4cd5d51894ae98176ec7e__0  av-single-slide slide-1 slide-odd'><div data-rel='slideshow-1' class='avia-slide-wrap '   ><img fetchpriority=\"high\" class=\"wp-image-1227 avia-img-lazy-loading-not-1227\"  src='https:\/\/urlus.fi\/wp-content\/uploads\/2022\/06\/mika_piiroinen_paakuva_1500x430-1500x430.png' width='1500' height='430' title='mika_piiroinen_paakuva_1500x430' alt=''  itemprop=\"thumbnailUrl\"   \/><\/div><\/li><\/ul><\/div><\/div><div id='after_full_slider_1'  class='main_color av_default_container_wrap container_wrap sidebar_right'  ><div class='container av-section-cont-open' ><div class='template-page content  av-content-small alpha units'><div class='post-entry post-entry-type-page post-entry-1149'><div class='entry-content-wrapper clearfix'>\n\n<style type=\"text\/css\" data-created_by=\"avia_inline_auto\" id=\"style-css-av-av_heading-2bd4f915f13a12ffaf0cb59a852a9e16\">\n#top .av-special-heading.av-av_heading-2bd4f915f13a12ffaf0cb59a852a9e16{\npadding-bottom:10px;\n}\nbody .av-special-heading.av-av_heading-2bd4f915f13a12ffaf0cb59a852a9e16 .av-special-heading-tag .heading-char{\nfont-size:25px;\n}\n.av-special-heading.av-av_heading-2bd4f915f13a12ffaf0cb59a852a9e16 .av-subheading{\nfont-size:15px;\n}\n<\/style>\n<div  class='av-special-heading av-av_heading-2bd4f915f13a12ffaf0cb59a852a9e16 av-special-heading-h3  avia-builder-el-1  el_after_av_slideshow_full  el_before_av_hr  avia-builder-el-first '><h3 class='av-special-heading-tag'  itemprop=\"headline\"  >Urluksen asiamies vaihtuu toimitusjohtajaksi &#8211; teht\u00e4v\u00e4\u00e4n valittiin Mika Piiroinen<\/h3><div class=\"special-heading-border\"><div class=\"special-heading-inner-border\"><\/div><\/div><\/div>\n\n<style type=\"text\/css\" data-created_by=\"avia_inline_auto\" id=\"style-css-av-l3n1m91g-5ce10ec470c4d72286a58c0766f14b0f\">\n#top .hr.hr-invisible.av-l3n1m91g-5ce10ec470c4d72286a58c0766f14b0f{\nheight:50px;\n}\n<\/style>\n<div  class='hr av-l3n1m91g-5ce10ec470c4d72286a58c0766f14b0f hr-invisible  avia-builder-el-2  el_after_av_heading  el_before_av_two_third '><span class='hr-inner '><span class=\"hr-inner-style\"><\/span><\/span><\/div>\n\n<style type=\"text\/css\" data-created_by=\"avia_inline_auto\" id=\"style-css-av-ay7wq-c104a36afb9c1c42e445009c9c61380d\">\n.flex_column.av-ay7wq-c104a36afb9c1c42e445009c9c61380d{\nborder-radius:0px 0px 0px 0px;\npadding:0px 0px 0px 0px;\n}\n<\/style>\n<div  class='flex_column av-ay7wq-c104a36afb9c1c42e445009c9c61380d av_two_third  avia-builder-el-3  el_after_av_hr  el_before_av_one_third  first flex_column_div av-zero-column-padding  '     ><section  class='av_textblock_section av-kd3glxa1-278439855b147618e591e7e2b9138072 '   itemscope=\"itemscope\" itemtype=\"https:\/\/schema.org\/CreativeWork\" ><div class='avia_textblock'  itemprop=\"text\" ><p><em><strong>Kev\u00e4\u00e4ll\u00e4 2021 Urluksen hallitus selvitti s\u00e4\u00e4ti\u00f6n hallinnon kehitt\u00e4misen vaihtoehtoja tavoitteena vastata tuleviin haasteisiin muuttuvassa toimintaymp\u00e4rist\u00f6ss\u00e4 ja teht\u00e4v\u00e4kent\u00e4ss\u00e4. <\/strong><\/em><\/p>\n<div class=\"mceTemp\"><\/div>\n<p>Selvitykseen vaikutti osaltaan se, ett\u00e4 nykyinen asiamies\u00a0 ilmoitti siirtyv\u00e4ns\u00e4 el\u00e4kkeelle kev\u00e4\u00e4ll\u00e4 2023. Hallituksen hyv\u00e4ksym\u00e4 l\u00e4ht\u00f6kohta oli asiamiehen vaihtuminen p\u00e4\u00e4toimiseksi toimitusjohtajaksi.<\/p>\n<p><strong>Nimitystoimikunta valmisteli<\/strong><\/p>\n<p>Muutosta suunnittelemaan perustettiin nimitystoimikunta, joka linjasi valintaprosessin perusteet ja aikataulun. Nimitystoimikunnan esityksest\u00e4 hallitus hyv\u00e4ksyi tulevan toimitusjohtajan ty\u00f6ehdot ja valintakriteerit sek\u00e4 hakuprosessin k\u00e4ynnist\u00e4misen. Haku tapahtui \u201dhiljaisena hakuna\u201d kohdistuen hallituksen j\u00e4senten ehdottamiin, S\u00e4\u00e4ti\u00f6uutisten hakuilmoituksen sek\u00e4 s\u00e4\u00e4ti\u00f6n omien kotisivujen kautta l\u00f6ytyneisiin ja kriteerit t\u00e4ytt\u00e4neisiin hakijoihin.<\/p>\n<p><strong>Hyvi\u00e4 hakijoita<\/strong><\/p>\n<p>Hakijoita ilmoittautui kaikkiaan 15 kappaletta, joista 12 j\u00e4tti hakemuksensa m\u00e4\u00e4r\u00e4aikana. Noin puolet hakijoista haastateltiin. Kaksiosaisen haastatteluvaiheen j\u00e4lkeen nimitystoimikunta esitti everstiluutantti evp Mika Piiroista s\u00e4\u00e4ti\u00f6n toimitusjohtajaksi, jonka esityksen hallitus yksimielisesti hyv\u00e4ksyi.<\/p>\n<p>Mika on 56-vuotias, perheellinen ja asuu Helsingiss\u00e4. H\u00e4nen laaja-alainen osaamisensa tukee erinomaisella tavalla tulevaa teht\u00e4v\u00e4\u00e4. Sotilaana h\u00e4n tuntee maanpuolustuksen kokonaisuuden ja aluetoimiston p\u00e4\u00e4llikk\u00f6n\u00e4 h\u00e4n tutustui perin pohjin vapaaehtoiseen maanpuolustukseen.<\/p>\n<p>Maanpuolustuskorkeakoulun yhteiskuntasuhteiden johtajana h\u00e4n verkottui monipuolisesti p\u00e4\u00e4kaupunkiseudun eri toimijoihin. S\u00e4\u00e4ti\u00f6toimintaan Mika on vaikuttanut l\u00e4hes 20 vuoden ajan Maanpuolustuskorkeakoulun tukis\u00e4\u00e4ti\u00f6n asiamiehen\u00e4. Liikunta ja nuoret ovat tulleet tutuksi seura- ja yhdistysty\u00f6ss\u00e4. Lis\u00e4ksi Mika toimi viime vuodet M\u00e4kel\u00e4nrinteen urheilulukion, M\u00e4rskyn uinnin p\u00e4\u00e4valmentajana.<\/p>\n<p>Mika aloittaa ty\u00f6t s\u00e4\u00e4ti\u00f6ss\u00e4 ensi lokakuussa yhdess\u00e4 nykyisen asiamiehen kanssa. Kaksikko vastaa yhdess\u00e4 seuraavasta hakukierroksesta, jonka j\u00e4lkeen asiamies j\u00e4\u00e4 el\u00e4kkeelle.<\/p>\n<div id=\"malwarebytes-root\"><\/div>\n<\/div><\/section><\/div>\n\n<style type=\"text\/css\" data-created_by=\"avia_inline_auto\" id=\"style-css-av-1uosct-db9e4db720f1c5b3ca2de655740149fe\">\n.flex_column.av-1uosct-db9e4db720f1c5b3ca2de655740149fe{\nborder-radius:0px 0px 0px 0px;\npadding:0px 0px 0px 0px;\n}\n<\/style>\n<div  class='flex_column av-1uosct-db9e4db720f1c5b3ca2de655740149fe av_one_third  avia-builder-el-5  el_after_av_two_third  el_before_av_one_full  flex_column_div av-zero-column-padding  '     ><section  class='av_textblock_section av-l3mzjx6y-3fc720c149ad3b6a9edc3d80f09c9eba '   itemscope=\"itemscope\" itemtype=\"https:\/\/schema.org\/CreativeWork\" ><div class='avia_textblock'  itemprop=\"text\" ><div id=\"attachment_1150\" style=\"width: 215px\" class=\"wp-caption aligncenter\"><img loading=\"lazy\" decoding=\"async\" aria-describedby=\"caption-attachment-1150\" class=\"size-full wp-image-1150\" src=\"https:\/\/urlus.fi\/wp-content\/uploads\/2022\/05\/Piirainen-Mika.png\" alt=\"Piirainen Mika\" width=\"205\" height=\"264\" srcset=\"https:\/\/urlus.fi\/wp-content\/uploads\/2022\/05\/Piirainen-Mika.png 205w, https:\/\/urlus.fi\/wp-content\/uploads\/2022\/05\/Piirainen-Mika-93x120.png 93w\" sizes=\"auto, (max-width: 205px) 100vw, 205px\" \/><p id=\"caption-attachment-1150\" class=\"wp-caption-text\">Piiroinen Mika<\/p><\/div>\n<\/div><\/section><\/div>\n\n<style type=\"text\/css\" data-created_by=\"avia_inline_auto\" id=\"style-css-av-ay7wq-c104a36afb9c1c42e445009c9c61380d\">\n.flex_column.av-ay7wq-c104a36afb9c1c42e445009c9c61380d{\nborder-radius:0px 0px 0px 0px;\npadding:0px 0px 0px 0px;\n}\n<\/style>\n<div  class='flex_column av-ay7wq-c104a36afb9c1c42e445009c9c61380d av_one_full  avia-builder-el-7  el_after_av_one_third  avia-builder-el-last  first flex_column_div av-zero-column-padding  column-top-margin'     ><section  class='av_textblock_section av-kd3glxa1-278439855b147618e591e7e2b9138072 '   itemscope=\"itemscope\" itemtype=\"https:\/\/schema.org\/CreativeWork\" ><div class='avia_textblock'  itemprop=\"text\" ><p>P\u00e4\u00e4kuva: Veikko Venemies<br \/>\nKuvituskuva: Urlus<\/p>\n<\/div><\/section><\/div>\n","protected":false},"excerpt":{"rendered":"","protected":false},"author":4,"featured_media":0,"parent":47,"menu_order":5,"comment_status":"closed","ping_status":"closed","template":"","meta":{"footnotes":""},"class_list":["post-1149","page","type-page","status-publish","hentry"],"_links":{"self":[{"href":"https:\/\/urlus.fi\/index.php\/wp-json\/wp\/v2\/pages\/1149","targetHints":{"allow":["GET"]}}],"collection":[{"href":"https:\/\/urlus.fi\/index.php\/wp-json\/wp\/v2\/pages"}],"about":[{"href":"https:\/\/urlus.fi\/index.php\/wp-json\/wp\/v2\/types\/page"}],"author":[{"embeddable":true,"href":"https:\/\/urlus.fi\/index.php\/wp-json\/wp\/v2\/users\/4"}],"replies":[{"embeddable":true,"href":"https:\/\/urlus.fi\/index.php\/wp-json\/wp\/v2\/comments?post=1149"}],"version-history":[{"count":10,"href":"https:\/\/urlus.fi\/index.php\/wp-json\/wp\/v2\/pages\/1149\/revisions"}],"predecessor-version":[{"id":1229,"href":"https:\/\/urlus.fi\/index.php\/wp-json\/wp\/v2\/pages\/1149\/revisions\/1229"}],"up":[{"embeddable":true,"href":"https:\/\/urlus.fi\/index.php\/wp-json\/wp\/v2\/pages\/47"}],"wp:attachment":[{"href":"https:\/\/urlus.fi\/index.php\/wp-json\/wp\/v2\/media?parent=1149"}],"curies":[{"name":"wp","href":"https:\/\/api.w.org\/{rel}","templated":true}]}}

<div id='full_slider_1'  class='avia-fullwidth-slider main_color avia-shadow   avia-builder-el-0  el_before_av_heading  avia-builder-el-first   container_wrap sidebar_right'  ><div  class='avia-slideshow av-16ton-52c53f8246c4cd5d51894ae98176ec7e avia-slideshow-featured av_slideshow_full avia-slide-slider av-slideshow-ui av-control-default av-slideshow-manual av-loop-once av-loop-manual-endless av-default-height-applied   avia-slideshow-1' data-slideshow-options="{&quot;animation&quot;:&quot;slide&quot;,&quot;autoplay&quot;:false,&quot;loop_autoplay&quot;:&quot;once&quot;,&quot;interval&quot;:5,&quot;loop_manual&quot;:&quot;manual-endless&quot;,&quot;autoplay_stopper&quot;:false,&quot;noNavigation&quot;:false,&quot;bg_slider&quot;:false,&quot;keep_padding&quot;:false,&quot;hoverpause&quot;:false,&quot;show_slide_delay&quot;:0}"  itemprop="image" itemscope="itemscope" itemtype="https://schema.org/ImageObject" ><ul class='avia-slideshow-inner ' style='padding-bottom: 28.666666666667%;'><li  class='avia-slideshow-slide av-16ton-52c53f8246c4cd5d51894ae98176ec7e__0  av-single-slide slide-1 slide-odd'><div data-rel='slideshow-1' class='avia-slide-wrap '   ><img fetchpriority="high" class="wp-image-1227 avia-img-lazy-loading-not-1227"  src='https://urlus.fi/wp-content/uploads/2022/06/mika_piiroinen_paakuva_1500x430-1500x430.png' width='1500' height='430' title='mika_piiroinen_paakuva_1500x430' alt=''  itemprop="thumbnailUrl"   /></div></li></ul></div></div><div id='after_full_slider_1'  class='main_color av_default_container_wrap container_wrap sidebar_right'  ><div class='container av-section-cont-open' ><div class='template-page content  av-content-small alpha units'><div class='post-entry post-entry-type-page post-entry-1149'><div class='entry-content-wrapper clearfix'>

<style type="text/css" data-created_by="avia_inline_auto" id="style-css-av-av_heading-2bd4f915f13a12ffaf0cb59a852a9e16">
#top .av-special-heading.av-av_heading-2bd4f915f13a12ffaf0cb59a852a9e16{
padding-bottom:10px;
}
body .av-special-heading.av-av_heading-2bd4f915f13a12ffaf0cb59a852a9e16 .av-special-heading-tag .heading-char{
font-size:25px;
}
.av-special-heading.av-av_heading-2bd4f915f13a12ffaf0cb59a852a9e16 .av-subheading{
font-size:15px;
}
</style>
<div  class='av-special-heading av-av_heading-2bd4f915f13a12ffaf0cb59a852a9e16 av-special-heading-h3  avia-builder-el-1  el_after_av_slideshow_full  el_before_av_hr  avia-builder-el-first '><h3 class='av-special-heading-tag'  itemprop="headline"  >Urluksen asiamies vaihtuu toimitusjohtajaksi &#8211; tehtävään valittiin Mika Piiroinen</h3><div class="special-heading-border"><div class="special-heading-inner-border"></div></div></div>

<style type="text/css" data-created_by="avia_inline_auto" id="style-css-av-l3n1m91g-5ce10ec470c4d72286a58c0766f14b0f">
#top .hr.hr-invisible.av-l3n1m91g-5ce10ec470c4d72286a58c0766f14b0f{
height:50px;
}
</style>
<div  class='hr av-l3n1m91g-5ce10ec470c4d72286a58c0766f14b0f hr-invisible  avia-builder-el-2  el_after_av_heading  el_before_av_two_third '><span class='hr-inner '><span class="hr-inner-style"></span></span></div>

<style type="text/css" data-created_by="avia_inline_auto" id="style-css-av-ay7wq-c104a36afb9c1c42e445009c9c61380d">
.flex_column.av-ay7wq-c104a36afb9c1c42e445009c9c61380d{
border-radius:0px 0px 0px 0px;
padding:0px 0px 0px 0px;
}
</style>
<div  class='flex_column av-ay7wq-c104a36afb9c1c42e445009c9c61380d av_two_third  avia-builder-el-3  el_after_av_hr  el_before_av_one_third  first flex_column_div av-zero-column-padding  '     ><section  class='av_textblock_section av-kd3glxa1-278439855b147618e591e7e2b9138072 '   itemscope="itemscope" itemtype="https://schema.org/CreativeWork" ><div class='avia_textblock'  itemprop="text" ><p><em><strong>Keväällä 2021 Urluksen hallitus selvitti säätiön hallinnon kehittämisen vaihtoehtoja tavoitteena vastata tuleviin haasteisiin muuttuvassa toimintaympäristössä ja tehtäväkentässä. </strong></em></p>
<div class="mceTemp"></div>
<p>Selvitykseen vaikutti osaltaan se, että nykyinen asiamies  ilmoitti siirtyvänsä eläkkeelle keväällä 2023. Hallituksen hyväksymä lähtökohta oli asiamiehen vaihtuminen päätoimiseksi toimitusjohtajaksi.</p>
<p><strong>Nimitystoimikunta valmisteli</strong></p>
<p>Muutosta suunnittelemaan perustettiin nimitystoimikunta, joka linjasi valintaprosessin perusteet ja aikataulun. Nimitystoimikunnan esityksestä hallitus hyväksyi tulevan toimitusjohtajan työehdot ja valintakriteerit sekä hakuprosessin käynnistämisen. Haku tapahtui ”hiljaisena hakuna” kohdistuen hallituksen jäsenten ehdottamiin, Säätiöuutisten hakuilmoituksen sekä säätiön omien kotisivujen kautta löytyneisiin ja kriteerit täyttäneisiin hakijoihin.</p>
<p><strong>Hyviä hakijoita</strong></p>
<p>Hakijoita ilmoittautui kaikkiaan 15 kappaletta, joista 12 jätti hakemuksensa määräaikana. Noin puolet hakijoista haastateltiin. Kaksiosaisen haastatteluvaiheen jälkeen nimitystoimikunta esitti everstiluutantti evp Mika Piiroista säätiön toimitusjohtajaksi, jonka esityksen hallitus yksimielisesti hyväksyi.</p>
<p>Mika on 56-vuotias, perheellinen ja asuu Helsingissä. Hänen laaja-alainen osaamisensa tukee erinomaisella tavalla tulevaa tehtävää. Sotilaana hän tuntee maanpuolustuksen kokonaisuuden ja aluetoimiston päällikkönä hän tutustui perin pohjin vapaaehtoiseen maanpuolustukseen.</p>
<p>Maanpuolustuskorkeakoulun yhteiskuntasuhteiden johtajana hän verkottui monipuolisesti pääkaupunkiseudun eri toimijoihin. Säätiötoimintaan Mika on vaikuttanut lähes 20 vuoden ajan Maanpuolustuskorkeakoulun tukisäätiön asiamiehenä. Liikunta ja nuoret ovat tulleet tutuksi seura- ja yhdistystyössä. Lisäksi Mika toimi viime vuodet Mäkelänrinteen urheilulukion, Märskyn uinnin päävalmentajana.</p>
<p>Mika aloittaa työt säätiössä ensi lokakuussa yhdessä nykyisen asiamiehen kanssa. Kaksikko vastaa yhdessä seuraavasta hakukierroksesta, jonka jälkeen asiamies jää eläkkeelle.</p>
<div id="malwarebytes-root"></div>
</div></section></div>

<style type="text/css" data-created_by="avia_inline_auto" id="style-css-av-1uosct-db9e4db720f1c5b3ca2de655740149fe">
.flex_column.av-1uosct-db9e4db720f1c5b3ca2de655740149fe{
border-radius:0px 0px 0px 0px;
padding:0px 0px 0px 0px;
}
</style>
<div  class='flex_column av-1uosct-db9e4db720f1c5b3ca2de655740149fe av_one_third  avia-builder-el-5  el_after_av_two_third  el_before_av_one_full  flex_column_div av-zero-column-padding  '     ><section  class='av_textblock_section av-l3mzjx6y-3fc720c149ad3b6a9edc3d80f09c9eba '   itemscope="itemscope" itemtype="https://schema.org/CreativeWork" ><div class='avia_textblock'  itemprop="text" ><div id="attachment_1150" style="width: 215px" class="wp-caption aligncenter"><img loading="lazy" decoding="async" aria-describedby="caption-attachment-1150" class="size-full wp-image-1150" src="https://urlus.fi/wp-content/uploads/2022/05/Piirainen-Mika.png" alt="Piirainen Mika" width="205" height="264" srcset="https://urlus.fi/wp-content/uploads/2022/05/Piirainen-Mika.png 205w, https://urlus.fi/wp-content/uploads/2022/05/Piirainen-Mika-93x120.png 93w" sizes="auto, (max-width: 205px) 100vw, 205px" /><p id="caption-attachment-1150" class="wp-caption-text">Piiroinen Mika</p></div>
</div></section></div>

<style type="text/css" data-created_by="avia_inline_auto" id="style-css-av-ay7wq-c104a36afb9c1c42e445009c9c61380d">
.flex_column.av-ay7wq-c104a36afb9c1c42e445009c9c61380d{
border-radius:0px 0px 0px 0px;
padding:0px 0px 0px 0px;
}
</style>
<div  class='flex_column av-ay7wq-c104a36afb9c1c42e445009c9c61380d av_one_full  avia-builder-el-7  el_after_av_one_third  avia-builder-el-last  first flex_column_div av-zero-column-padding  column-top-margin'     ><section  class='av_textblock_section av-kd3glxa1-278439855b147618e591e7e2b9138072 '   itemscope="itemscope" itemtype="https://schema.org/CreativeWork" ><div class='avia_textblock'  itemprop="text" ><p>Pääkuva: Veikko Venemies<br />
Kuvituskuva: Urlus</p>
</div></section></div>
